{"id":1350,"date":"2019-12-10T11:02:35","date_gmt":"2019-12-10T10:02:35","guid":{"rendered":"http:\/\/www2.wmt.it\/?page_id=1350"},"modified":"2020-02-11T10:36:43","modified_gmt":"2020-02-11T09:36:43","slug":"deep-bed-3","status":"publish","type":"page","link":"http:\/\/www.wmt.it\/index.php\/fr\/deep-bed-3\/","title":{"rendered":"Deep-Bed"},"content":{"rendered":"\n<p><strong>Filtre \u00e0 lit profond Deep-Bed<\/strong><\/p>\n\n\n\n<p>Filtre \u00e0 lit profond avec m\u00e9dia filtrant compos\u00e9 de granul\u00e9s de plastique ou de l\u00e9gumes.<\/p>\n\n\n\n<ul class=\"wp-block-list\"><li>D\u00e9bits de 200 \u00e0 32 000 l \/ min.<\/li><li>Degr\u00e9 de filtrage selon la classe 00 \u00f7 1 de notre tableau ST-1584.<\/li><li>Filtre adapt\u00e9 pour filtrer l&#8217;eau et les liquides monophas\u00e9s \u00e0 faible viscosit\u00e9.<\/li><li>Large gamme de m\u00e9dias filtrants pour satisfaire les applications industrielles contraires.<\/li><\/ul>\n\n\n\n<p>Le filtre \u00e0 lit profond W.M.T. Deep-Bed est un syst\u00e8me compact capable de traiter des liquides jusqu&#8217;\u00e0 24 600 l \/ min, en \u00e9liminant les particules dont la taille des particules est inf\u00e9rieure au micron.<\/p>\n\n\n\n<p>Le filtre est particuli\u00e8rement efficace pour \u00e9liminer les particules huileuses ou g\u00e9n\u00e9ralement collantes par rapport \u00e0 d&#8217;autres filtres similaires qui posent des probl\u00e8mes majeurs dans la gestion du milieu filtrant en raison de la coagulation des granul\u00e9s.<\/p>\n\n\n\n<p>Les principales contributions de ce filtre sont: la capacit\u00e9 \u00e9lev\u00e9e du m\u00e9dia filtrant sp\u00e9cial et le nouveau lavage \u00e0 contre-courant \u00e0 bulles d&#8217;hydro-cyclone lorsque le lit filtrant a \u00e9t\u00e9 compl\u00e8tement occlus.<\/p>\n\n\n\n<p>Rapide et efficace, la technique de lavage \u00e0 contre-courant \u00e0 bulles hydrocyclear dynamique ne n\u00e9cessite normalement que 20 minutes pour effectuer la r\u00e9g\u00e9n\u00e9ration compl\u00e8te du m\u00e9dia filtrant.<\/p>\n\n\n\n<p>Dans la plupart des situations, le filtre Deep-Bed effectue automatiquement un lavage \u00e0 contre-courant, soit avec l&#8217;augmentation de pression r\u00e9sultant de l&#8217;augmentation de la charge polluante, soit lorsque la minuterie est r\u00e9gl\u00e9e sur une valeur pr\u00e9d\u00e9termin\u00e9e.<\/p>\n\n\n\n<p>A la fin de la phase de nettoyage, le milieu filtrant lav\u00e9 est repositionn\u00e9 dans le filtre pour effectuer un autre cycle de filtrage sans perte du m\u00eame milieu filtrant.<\/p>\n\n\n\n<p>Les grumeaux qui s&#8217;agglom\u00e8rent dans le lit filtrant sont cass\u00e9s et expuls\u00e9s par l&#8217;\u00e9purateur hydrocyclonique.<\/p>\n\n\n\n<p>Avec le filtre \u00e0 flux radial Deep-Bed, une plus grande surface de filtrage est obtenue par rapport aux dimensions globales du plan, la g\u00e9om\u00e9trie particuli\u00e8re du flux augmente le d\u00e9bit sp\u00e9cifique sans r\u00e9duire l&#8217;efficacit\u00e9 d&#8217;\u00e9limination des particules solides.<\/p>\n\n\n\n<p>Les applications typiques de ce produit sont:<\/p>\n\n\n\n<ul class=\"wp-block-list\"><li>filtration de l&#8217;eau de fonderie;<\/li><li>l&#8217;eau avec des m\u00e9taux nobles, leur r\u00e9cup\u00e9ration;<\/li><li>sablage de puits et d&#8217;eau de rivi\u00e8re;<\/li><li>stations d&#8217;\u00e9puration de stade tertiaire.<\/li><\/ul>\n\n\n\n<table style=\"width: 100%;\" cellspacing=\"0\" border=\"0\">\n<tbody>\n<tr><\/tr>\n<tr>\n<td style=\"width: 10%;\" align=\"center\"><\/td>\n<td style=\"width: 35%;\" align=\"center\"><div class=\"wp-block-button\"><a class=\"wp-block-button__link has-background has-vivid-cyan-blue-background-color\" href=\"http:\/\/www.wmt.it\/index.php\/en\/deep-bed-images-gallery\/\" target=\"_blank\" rel=\"noopener noreferrer\">Galerie d\u2019images<\/a><\/div><\/td>\n<td style=\"width: 10%;\" align=\"center\"><\/td>\n<td style=\"width: 35%;\" align=\"center\"><div class=\"wp-block-button\"><a class=\"wp-block-button__link has-background has-vivid-cyan-blue-background-color\" href=\"http:\/\/www.wmt.it\/wp-content\/uploads\/2020\/01\/08-e-deep-bed.pdf\" target=\"_blank\" rel=\"noopener noreferrer\">Voir la brochure [EN]<\/a><\/div><\/td>\n<td style=\"width: 10%;\" align=\"center\"><\/td>\n<\/tr>\n<\/tbody>\n<\/table>\n","protected":false},"excerpt":{"rendered":"<p>Filtre \u00e0 lit profond Deep-Bed Filtre \u00e0 lit profond avec m\u00e9dia filtrant compos\u00e9 de granul\u00e9s de plastique ou de l\u00e9gumes. D\u00e9bits de 200 \u00e0 32 000 l \/ min. Degr\u00e9 de filtrage selon la classe 00 \u00f7 1 de notre tableau ST-1584. Filtre adapt\u00e9 pour filtrer l&#8217;eau et les liquides monophas\u00e9s \u00e0 faible viscosit\u00e9. Large [&hellip;]<\/p>\n","protected":false},"author":3,"featured_media":1717,"parent":0,"menu_order":0,"comment_status":"closed","ping_status":"closed","template":"","meta":{"ngg_post_thumbnail":0,"footnotes":""},"class_list":["post-1350","page","type-page","status-publish","has-post-thumbnail","hentry"],"yoast_head":"<!-- This site is optimized with the Yoast SEO plugin v27.3 - https:\/\/yoast.com\/product\/yoast-seo-wordpress\/ -->\n<title>Deep-Bed &#8226; W.M.T. - Water and Mechanical Technology s.r.l.<\/title>\n<meta name=\"description\" content=\"Le filtre Deep-Bed est un syst\u00e8me compact capable de traiter des liquides jusqu&#039;\u00e0 24 600 l \/ min, \u00e9liminant les particules dont la taille des particules est inf\u00e9rieure au micron.\" \/>\n<meta name=\"robots\" content=\"index, follow, max-snippet:-1, max-image-preview:large, max-video-preview:-1\" \/>\n<link rel=\"canonical\" href=\"http:\/\/www.wmt.it\/index.php\/fr\/deep-bed-3\/\" \/>\n<meta property=\"og:locale\" content=\"it_IT\" \/>\n<meta property=\"og:type\" content=\"article\" \/>\n<meta property=\"og:title\" content=\"Deep-Bed &#8226; W.M.T. - Water and Mechanical Technology s.r.l.\" \/>\n<meta property=\"og:description\" content=\"Le filtre Deep-Bed est un syst\u00e8me compact capable de traiter des liquides jusqu&#039;\u00e0 24 600 l \/ min, \u00e9liminant les particules dont la taille des particules est inf\u00e9rieure au micron.\" \/>\n<meta property=\"og:url\" content=\"http:\/\/www.wmt.it\/index.php\/fr\/deep-bed-3\/\" \/>\n<meta property=\"og:site_name\" content=\"W.M.T. - Water and Mechanical Technology s.r.l.\" \/>\n<meta property=\"article:publisher\" content=\"https:\/\/www.facebook.com\/pages\/WMT\/523330841079249?eid=ARBCva1bxbHrIwpLi2jUbikM5NzJrQOywcEqrkgUjYQ_m59R20SghP76Um2Ffw8jsoHFxRwr_28Y5a6v\" \/>\n<meta property=\"article:modified_time\" content=\"2020-02-11T09:36:43+00:00\" \/>\n<meta property=\"og:image\" content=\"http:\/\/www.wmt.it\/wp-content\/uploads\/2019\/12\/Deep-bed-e1576660807342.jpg\" \/>\n\t<meta property=\"og:image:width\" content=\"1920\" \/>\n\t<meta property=\"og:image:height\" content=\"600\" \/>\n\t<meta property=\"og:image:type\" content=\"image\/jpeg\" \/>\n<meta name=\"twitter:card\" content=\"summary_large_image\" \/>\n<meta name=\"twitter:label1\" content=\"Tempo di lettura stimato\" \/>\n\t<meta name=\"twitter:data1\" content=\"2 minuti\" \/>\n<script type=\"application\/ld+json\" class=\"yoast-schema-graph\">{\"@context\":\"https:\\\/\\\/schema.org\",\"@graph\":[{\"@type\":\"WebPage\",\"@id\":\"http:\\\/\\\/www.wmt.it\\\/index.php\\\/fr\\\/deep-bed-3\\\/\",\"url\":\"http:\\\/\\\/www.wmt.it\\\/index.php\\\/fr\\\/deep-bed-3\\\/\",\"name\":\"Deep-Bed &#8226; W.M.T. - Water and Mechanical Technology s.r.l.\",\"isPartOf\":{\"@id\":\"http:\\\/\\\/www.wmt.it\\\/#website\"},\"primaryImageOfPage\":{\"@id\":\"http:\\\/\\\/www.wmt.it\\\/index.php\\\/fr\\\/deep-bed-3\\\/#primaryimage\"},\"image\":{\"@id\":\"http:\\\/\\\/www.wmt.it\\\/index.php\\\/fr\\\/deep-bed-3\\\/#primaryimage\"},\"thumbnailUrl\":\"http:\\\/\\\/www.wmt.it\\\/wp-content\\\/uploads\\\/2019\\\/12\\\/Deep-bed-e1576660807342.jpg\",\"datePublished\":\"2019-12-10T10:02:35+00:00\",\"dateModified\":\"2020-02-11T09:36:43+00:00\",\"description\":\"Le filtre Deep-Bed est un syst\u00e8me compact capable de traiter des liquides jusqu'\u00e0 24 600 l \\\/ min, \u00e9liminant les particules dont la taille des particules est inf\u00e9rieure au micron.\",\"breadcrumb\":{\"@id\":\"http:\\\/\\\/www.wmt.it\\\/index.php\\\/fr\\\/deep-bed-3\\\/#breadcrumb\"},\"inLanguage\":\"it-IT\",\"potentialAction\":[{\"@type\":\"ReadAction\",\"target\":[\"http:\\\/\\\/www.wmt.it\\\/index.php\\\/fr\\\/deep-bed-3\\\/\"]}]},{\"@type\":\"ImageObject\",\"inLanguage\":\"it-IT\",\"@id\":\"http:\\\/\\\/www.wmt.it\\\/index.php\\\/fr\\\/deep-bed-3\\\/#primaryimage\",\"url\":\"http:\\\/\\\/www.wmt.it\\\/wp-content\\\/uploads\\\/2019\\\/12\\\/Deep-bed-e1576660807342.jpg\",\"contentUrl\":\"http:\\\/\\\/www.wmt.it\\\/wp-content\\\/uploads\\\/2019\\\/12\\\/Deep-bed-e1576660807342.jpg\",\"width\":1920,\"height\":600},{\"@type\":\"BreadcrumbList\",\"@id\":\"http:\\\/\\\/www.wmt.it\\\/index.php\\\/fr\\\/deep-bed-3\\\/#breadcrumb\",\"itemListElement\":[{\"@type\":\"ListItem\",\"position\":1,\"name\":\"Home\",\"item\":\"http:\\\/\\\/www.wmt.it\\\/index.php\\\/en\\\/wmt-home\\\/\"},{\"@type\":\"ListItem\",\"position\":2,\"name\":\"Deep-Bed\"}]},{\"@type\":\"WebSite\",\"@id\":\"http:\\\/\\\/www.wmt.it\\\/#website\",\"url\":\"http:\\\/\\\/www.wmt.it\\\/\",\"name\":\"W.M.T. - Water and Mechanical Technology s.r.l.\",\"description\":\"ENGINEERING AND FILTERING SYSTEM, PURE WITH PROFIT\",\"publisher\":{\"@id\":\"http:\\\/\\\/www.wmt.it\\\/#organization\"},\"potentialAction\":[{\"@type\":\"SearchAction\",\"target\":{\"@type\":\"EntryPoint\",\"urlTemplate\":\"http:\\\/\\\/www.wmt.it\\\/?s={search_term_string}\"},\"query-input\":{\"@type\":\"PropertyValueSpecification\",\"valueRequired\":true,\"valueName\":\"search_term_string\"}}],\"inLanguage\":\"it-IT\"},{\"@type\":\"Organization\",\"@id\":\"http:\\\/\\\/www.wmt.it\\\/#organization\",\"name\":\"W.M.T. - Water and Mechanical Technology s.r.l.\",\"url\":\"http:\\\/\\\/www.wmt.it\\\/\",\"logo\":{\"@type\":\"ImageObject\",\"inLanguage\":\"it-IT\",\"@id\":\"http:\\\/\\\/www.wmt.it\\\/#\\\/schema\\\/logo\\\/image\\\/\",\"url\":\"http:\\\/\\\/www.wmt.it\\\/wp-content\\\/uploads\\\/2019\\\/12\\\/logo_wmt_blu_512x512.jpg\",\"contentUrl\":\"http:\\\/\\\/www.wmt.it\\\/wp-content\\\/uploads\\\/2019\\\/12\\\/logo_wmt_blu_512x512.jpg\",\"width\":512,\"height\":512,\"caption\":\"W.M.T. - Water and Mechanical Technology s.r.l.\"},\"image\":{\"@id\":\"http:\\\/\\\/www.wmt.it\\\/#\\\/schema\\\/logo\\\/image\\\/\"},\"sameAs\":[\"https:\\\/\\\/www.facebook.com\\\/pages\\\/WMT\\\/523330841079249?eid=ARBCva1bxbHrIwpLi2jUbikM5NzJrQOywcEqrkgUjYQ_m59R20SghP76Um2Ffw8jsoHFxRwr_28Y5a6v\",\"https:\\\/\\\/www.google.com\\\/maps\\\/place\\\/W.M.T.+-+Water+and+Mechanical+Technology+s.r.l.\\\/@45.538948,9.1806583,17z\\\/data=!3m1!4b1!4m5!3m4!1s0x4786bf60c912a84b:0xfc12749d2f8ea14a!8m2!3d45.538948!4d9.182847\",\"https:\\\/\\\/www.linkedin.com\\\/company\\\/2059941\"]}]}<\/script>\n<!-- \/ Yoast SEO plugin. -->","yoast_head_json":{"title":"Deep-Bed &#8226; W.M.T. - Water and Mechanical Technology s.r.l.","description":"Le filtre Deep-Bed est un syst\u00e8me compact capable de traiter des liquides jusqu'\u00e0 24 600 l \/ min, \u00e9liminant les particules dont la taille des particules est inf\u00e9rieure au micron.","robots":{"index":"index","follow":"follow","max-snippet":"max-snippet:-1","max-image-preview":"max-image-preview:large","max-video-preview":"max-video-preview:-1"},"canonical":"http:\/\/www.wmt.it\/index.php\/fr\/deep-bed-3\/","og_locale":"it_IT","og_type":"article","og_title":"Deep-Bed &#8226; W.M.T. - Water and Mechanical Technology s.r.l.","og_description":"Le filtre Deep-Bed est un syst\u00e8me compact capable de traiter des liquides jusqu'\u00e0 24 600 l \/ min, \u00e9liminant les particules dont la taille des particules est inf\u00e9rieure au micron.","og_url":"http:\/\/www.wmt.it\/index.php\/fr\/deep-bed-3\/","og_site_name":"W.M.T. - Water and Mechanical Technology s.r.l.","article_publisher":"https:\/\/www.facebook.com\/pages\/WMT\/523330841079249?eid=ARBCva1bxbHrIwpLi2jUbikM5NzJrQOywcEqrkgUjYQ_m59R20SghP76Um2Ffw8jsoHFxRwr_28Y5a6v","article_modified_time":"2020-02-11T09:36:43+00:00","og_image":[{"width":1920,"height":600,"url":"http:\/\/www.wmt.it\/wp-content\/uploads\/2019\/12\/Deep-bed-e1576660807342.jpg","type":"image\/jpeg"}],"twitter_card":"summary_large_image","twitter_misc":{"Tempo di lettura stimato":"2 minuti"},"schema":{"@context":"https:\/\/schema.org","@graph":[{"@type":"WebPage","@id":"http:\/\/www.wmt.it\/index.php\/fr\/deep-bed-3\/","url":"http:\/\/www.wmt.it\/index.php\/fr\/deep-bed-3\/","name":"Deep-Bed &#8226; W.M.T. - Water and Mechanical Technology s.r.l.","isPartOf":{"@id":"http:\/\/www.wmt.it\/#website"},"primaryImageOfPage":{"@id":"http:\/\/www.wmt.it\/index.php\/fr\/deep-bed-3\/#primaryimage"},"image":{"@id":"http:\/\/www.wmt.it\/index.php\/fr\/deep-bed-3\/#primaryimage"},"thumbnailUrl":"http:\/\/www.wmt.it\/wp-content\/uploads\/2019\/12\/Deep-bed-e1576660807342.jpg","datePublished":"2019-12-10T10:02:35+00:00","dateModified":"2020-02-11T09:36:43+00:00","description":"Le filtre Deep-Bed est un syst\u00e8me compact capable de traiter des liquides jusqu'\u00e0 24 600 l \/ min, \u00e9liminant les particules dont la taille des particules est inf\u00e9rieure au micron.","breadcrumb":{"@id":"http:\/\/www.wmt.it\/index.php\/fr\/deep-bed-3\/#breadcrumb"},"inLanguage":"it-IT","potentialAction":[{"@type":"ReadAction","target":["http:\/\/www.wmt.it\/index.php\/fr\/deep-bed-3\/"]}]},{"@type":"ImageObject","inLanguage":"it-IT","@id":"http:\/\/www.wmt.it\/index.php\/fr\/deep-bed-3\/#primaryimage","url":"http:\/\/www.wmt.it\/wp-content\/uploads\/2019\/12\/Deep-bed-e1576660807342.jpg","contentUrl":"http:\/\/www.wmt.it\/wp-content\/uploads\/2019\/12\/Deep-bed-e1576660807342.jpg","width":1920,"height":600},{"@type":"BreadcrumbList","@id":"http:\/\/www.wmt.it\/index.php\/fr\/deep-bed-3\/#breadcrumb","itemListElement":[{"@type":"ListItem","position":1,"name":"Home","item":"http:\/\/www.wmt.it\/index.php\/en\/wmt-home\/"},{"@type":"ListItem","position":2,"name":"Deep-Bed"}]},{"@type":"WebSite","@id":"http:\/\/www.wmt.it\/#website","url":"http:\/\/www.wmt.it\/","name":"W.M.T. - Water and Mechanical Technology s.r.l.","description":"ENGINEERING AND FILTERING SYSTEM, PURE WITH PROFIT","publisher":{"@id":"http:\/\/www.wmt.it\/#organization"},"potentialAction":[{"@type":"SearchAction","target":{"@type":"EntryPoint","urlTemplate":"http:\/\/www.wmt.it\/?s={search_term_string}"},"query-input":{"@type":"PropertyValueSpecification","valueRequired":true,"valueName":"search_term_string"}}],"inLanguage":"it-IT"},{"@type":"Organization","@id":"http:\/\/www.wmt.it\/#organization","name":"W.M.T. - Water and Mechanical Technology s.r.l.","url":"http:\/\/www.wmt.it\/","logo":{"@type":"ImageObject","inLanguage":"it-IT","@id":"http:\/\/www.wmt.it\/#\/schema\/logo\/image\/","url":"http:\/\/www.wmt.it\/wp-content\/uploads\/2019\/12\/logo_wmt_blu_512x512.jpg","contentUrl":"http:\/\/www.wmt.it\/wp-content\/uploads\/2019\/12\/logo_wmt_blu_512x512.jpg","width":512,"height":512,"caption":"W.M.T. - Water and Mechanical Technology s.r.l."},"image":{"@id":"http:\/\/www.wmt.it\/#\/schema\/logo\/image\/"},"sameAs":["https:\/\/www.facebook.com\/pages\/WMT\/523330841079249?eid=ARBCva1bxbHrIwpLi2jUbikM5NzJrQOywcEqrkgUjYQ_m59R20SghP76Um2Ffw8jsoHFxRwr_28Y5a6v","https:\/\/www.google.com\/maps\/place\/W.M.T.+-+Water+and+Mechanical+Technology+s.r.l.\/@45.538948,9.1806583,17z\/data=!3m1!4b1!4m5!3m4!1s0x4786bf60c912a84b:0xfc12749d2f8ea14a!8m2!3d45.538948!4d9.182847","https:\/\/www.linkedin.com\/company\/2059941"]}]}},"_links":{"self":[{"href":"http:\/\/www.wmt.it\/index.php\/wp-json\/wp\/v2\/pages\/1350","targetHints":{"allow":["GET"]}}],"collection":[{"href":"http:\/\/www.wmt.it\/index.php\/wp-json\/wp\/v2\/pages"}],"about":[{"href":"http:\/\/www.wmt.it\/index.php\/wp-json\/wp\/v2\/types\/page"}],"author":[{"embeddable":true,"href":"http:\/\/www.wmt.it\/index.php\/wp-json\/wp\/v2\/users\/3"}],"replies":[{"embeddable":true,"href":"http:\/\/www.wmt.it\/index.php\/wp-json\/wp\/v2\/comments?post=1350"}],"version-history":[{"count":6,"href":"http:\/\/www.wmt.it\/index.php\/wp-json\/wp\/v2\/pages\/1350\/revisions"}],"predecessor-version":[{"id":2841,"href":"http:\/\/www.wmt.it\/index.php\/wp-json\/wp\/v2\/pages\/1350\/revisions\/2841"}],"wp:featuredmedia":[{"embeddable":true,"href":"http:\/\/www.wmt.it\/index.php\/wp-json\/wp\/v2\/media\/1717"}],"wp:attachment":[{"href":"http:\/\/www.wmt.it\/index.php\/wp-json\/wp\/v2\/media?parent=1350"}],"curies":[{"name":"wp","href":"https:\/\/api.w.org\/{rel}","templated":true}]}}