{"id":1372,"date":"2019-12-10T11:29:36","date_gmt":"2019-12-10T10:29:36","guid":{"rendered":"http:\/\/www2.wmt.it\/?page_id=1372"},"modified":"2020-02-11T11:52:48","modified_gmt":"2020-02-11T10:52:48","slug":"machines-a-laver-les-courroies","status":"publish","type":"page","link":"http:\/\/www.wmt.it\/index.php\/fr\/machines-a-laver-les-courroies\/","title":{"rendered":"Machines \u00e0 laver les courroies"},"content":{"rendered":"\n<p>Les machines \u00e0 laver de courroie WMT peuvent \u00eatre install\u00e9es sur les lignes de finition des bobines avant les processus suivants: peinture, galvanisation, phosphatation et huilage final.<\/p>\n\n\n\n<p>L&#8217;utilisation de cet instrument permet d&#8217;obtenir un ruban sans impuret\u00e9s qui invaliderait les phases ult\u00e9rieures du processus de production, garantissant ainsi une plus grande durabilit\u00e9 de l&#8217;ouvrage et un produit de meilleure qualit\u00e9.<\/p>\n\n\n\n<p>Les machines \u00e0 laver de courroie WMT, afin de s&#8217;adapter \u00e0 la cha\u00eene de traitement, sont compos\u00e9es de trois sections modulaires diff\u00e9rentes:<\/p>\n\n\n\n<ul class=\"wp-block-list\"><li>pr\u00e9lavage,<\/li><li>lavage,<\/li><li>rin\u00e7age et s\u00e9chage,<\/li><\/ul>\n\n\n\n<p>ils sont \u00e9galement con\u00e7us pour s&#8217;adapter \u00e0 des largeurs comprises entre 200 et 2400 mm et garantissent un nettoyage correct avec une vitesse de ligne jusqu&#8217;\u00e0 600 m\/min.<\/p>\n\n\n\n<p>Selon les sp\u00e9cifications du projet, les machines \u00e0 laver WMT peuvent \u00eatre \u00e9quip\u00e9es de filtres et de syst\u00e8mes de d\u00e9shuilage pour nettoyer les liquides; ils peuvent fonctionner \u00e0 temp\u00e9rature ambiante ou \u00eatre \u00e9quip\u00e9s de syst\u00e8mes de chauffage et il est \u00e9galement possible de r\u00e9gler la pression de lavage en fonction des besoins.<\/p>\n\n\n\n<p>Ils peuvent \u00eatre fournis complets avec: filtres et syst\u00e8mes de d\u00e9shuilage pour le nettoyage des liquides; ils peuvent fonctionner \u00e0 temp\u00e9rature ambiante ou \u00eatre \u00e9quip\u00e9s de chauffe-eau \u00e9lectriques ou surchauff\u00e9s; enfin je peux travailler avec des syst\u00e8mes de lavage basse, moyenne ou haute pression.<\/p>\n\n\n\n<p>Les syst\u00e8mes de pr\u00e9lavage, lavage et rin\u00e7age sont r\u00e9alis\u00e9s \u00e0 l&#8217;aide de rampes r\u00e9glables \u00e9quip\u00e9es de buses \u00e0 lames \u00e0 fort impact, install\u00e9es de mani\u00e8re \u00e0 superposer leur encombrement sans se croiser, am\u00e9liorant ainsi l&#8217;efficacit\u00e9 du lavage. Toutes les buses sont \u00e9quip\u00e9es d&#8217;un raccord \u00e0 ba\u00efonnette afin de maintenir leur positionnement constant dans le temps aussi bien lors des op\u00e9rations de nettoyage que lors des op\u00e9rations de remplacement des buses.<\/p>\n\n\n\n<p>Le syst\u00e8me de brossage a \u00e9t\u00e9 con\u00e7u et construit de mani\u00e8re \u00e0 ne pas provoquer de rayures sur les surfaces de la bande; de plus, les brosses, \u00e0 double h\u00e9lico\u00efde oppos\u00e9, facilitent le nettoyage des surfaces en poussant la salet\u00e9 lat\u00e9ralement. Des rampes de lavage sp\u00e9ciales aident \u00e0 garder les poils des brosses propres en \u00e9vitant l&#8217;accumulation de r\u00e9sidus entre les poils eux-m\u00eames. Les ensembles de brossage sont install\u00e9s sur des supports amovibles afin de faciliter au maximum la maintenance et le remplacement des composants.<\/p>\n\n\n\n<p>Pour plus d&#8217;informations, t\u00e9l\u00e9chargez la brochure depuis le menu de navigation et contactez nos bureaux.<\/p>\n\n\n\n<table style=\"width: 100%;\" cellspacing=\"0\" border=\"0\">\n<tbody>\n<tr><\/tr>\n<tr>\n<td style=\"width: 10%;\" align=\"center\"><\/td>\n<td style=\"width: 35%;\" align=\"center\"><\/td>\n<td style=\"width: 10%;\" align=\"center\"><\/td>\n<td style=\"width: 35%;\" align=\"center\"><div class=\"wp-block-button\"><a class=\"wp-block-button__link has-background has-vivid-cyan-blue-background-color\" href=\"http:\/\/www.wmt.it\/wp-content\/uploads\/2020\/01\/21_STRIPS_WASHERS_A4.pdf\" target=\"_blank\" rel=\"noopener noreferrer\">Voir la brochure [EN]<\/a><\/div><\/td>\n<td style=\"width: 10%;\" align=\"center\"><\/td>\n<\/tr>\n<\/tbody>\n<\/table>\n","protected":false},"excerpt":{"rendered":"<p>Les machines \u00e0 laver de courroie WMT peuvent \u00eatre install\u00e9es sur les lignes de finition des bobines avant les processus suivants: peinture, galvanisation, phosphatation et huilage final. L&#8217;utilisation de cet instrument permet d&#8217;obtenir un ruban sans impuret\u00e9s qui invaliderait les phases ult\u00e9rieures du processus de production, garantissant ainsi une plus grande durabilit\u00e9 de l&#8217;ouvrage et [&hellip;]<\/p>\n","protected":false},"author":3,"featured_media":1724,"parent":0,"menu_order":0,"comment_status":"closed","ping_status":"closed","template":"","meta":{"ngg_post_thumbnail":0,"footnotes":""},"class_list":["post-1372","page","type-page","status-publish","has-post-thumbnail","hentry"],"yoast_head":"<!-- This site is optimized with the Yoast SEO plugin v27.3 - https:\/\/yoast.com\/product\/yoast-seo-wordpress\/ -->\n<title>Machines \u00e0 laver les courroies &#8226; W.M.T. - Water and Mechanical Technology s.r.l.<\/title>\n<meta name=\"description\" content=\"Les machines \u00e0 laver \u00e0 bande WMT peuvent \u00eatre install\u00e9es sur les lignes de finition des bobines avant les processus de peinture, de galvanisation, de phosphatation et d&#039;huilage final.\" \/>\n<meta name=\"robots\" content=\"index, follow, max-snippet:-1, max-image-preview:large, max-video-preview:-1\" \/>\n<link rel=\"canonical\" href=\"http:\/\/www.wmt.it\/index.php\/fr\/machines-a-laver-les-courroies\/\" \/>\n<meta property=\"og:locale\" content=\"it_IT\" \/>\n<meta property=\"og:type\" content=\"article\" \/>\n<meta property=\"og:title\" content=\"Machines \u00e0 laver les courroies &#8226; W.M.T. - Water and Mechanical Technology s.r.l.\" \/>\n<meta property=\"og:description\" content=\"Les machines \u00e0 laver \u00e0 bande WMT peuvent \u00eatre install\u00e9es sur les lignes de finition des bobines avant les processus de peinture, de galvanisation, de phosphatation et d&#039;huilage final.\" \/>\n<meta property=\"og:url\" content=\"http:\/\/www.wmt.it\/index.php\/fr\/machines-a-laver-les-courroies\/\" \/>\n<meta property=\"og:site_name\" content=\"W.M.T. - Water and Mechanical Technology s.r.l.\" \/>\n<meta property=\"article:publisher\" content=\"https:\/\/www.facebook.com\/pages\/WMT\/523330841079249?eid=ARBCva1bxbHrIwpLi2jUbikM5NzJrQOywcEqrkgUjYQ_m59R20SghP76Um2Ffw8jsoHFxRwr_28Y5a6v\" \/>\n<meta property=\"article:modified_time\" content=\"2020-02-11T10:52:48+00:00\" \/>\n<meta property=\"og:image\" content=\"http:\/\/www.wmt.it\/wp-content\/uploads\/2019\/12\/Spruzzi-e1576660663108.jpg\" \/>\n\t<meta property=\"og:image:width\" content=\"1344\" \/>\n\t<meta property=\"og:image:height\" content=\"422\" \/>\n\t<meta property=\"og:image:type\" content=\"image\/jpeg\" \/>\n<meta name=\"twitter:card\" content=\"summary_large_image\" \/>\n<meta name=\"twitter:label1\" content=\"Tempo di lettura stimato\" \/>\n\t<meta name=\"twitter:data1\" content=\"2 minuti\" \/>\n<script type=\"application\/ld+json\" class=\"yoast-schema-graph\">{\"@context\":\"https:\\\/\\\/schema.org\",\"@graph\":[{\"@type\":\"WebPage\",\"@id\":\"http:\\\/\\\/www.wmt.it\\\/index.php\\\/fr\\\/machines-a-laver-les-courroies\\\/\",\"url\":\"http:\\\/\\\/www.wmt.it\\\/index.php\\\/fr\\\/machines-a-laver-les-courroies\\\/\",\"name\":\"Machines \u00e0 laver les courroies &#8226; W.M.T. - Water and Mechanical Technology s.r.l.\",\"isPartOf\":{\"@id\":\"http:\\\/\\\/www.wmt.it\\\/#website\"},\"primaryImageOfPage\":{\"@id\":\"http:\\\/\\\/www.wmt.it\\\/index.php\\\/fr\\\/machines-a-laver-les-courroies\\\/#primaryimage\"},\"image\":{\"@id\":\"http:\\\/\\\/www.wmt.it\\\/index.php\\\/fr\\\/machines-a-laver-les-courroies\\\/#primaryimage\"},\"thumbnailUrl\":\"http:\\\/\\\/www.wmt.it\\\/wp-content\\\/uploads\\\/2019\\\/12\\\/Spruzzi-e1576660663108.jpg\",\"datePublished\":\"2019-12-10T10:29:36+00:00\",\"dateModified\":\"2020-02-11T10:52:48+00:00\",\"description\":\"Les machines \u00e0 laver \u00e0 bande WMT peuvent \u00eatre install\u00e9es sur les lignes de finition des bobines avant les processus de peinture, de galvanisation, de phosphatation et d'huilage final.\",\"breadcrumb\":{\"@id\":\"http:\\\/\\\/www.wmt.it\\\/index.php\\\/fr\\\/machines-a-laver-les-courroies\\\/#breadcrumb\"},\"inLanguage\":\"it-IT\",\"potentialAction\":[{\"@type\":\"ReadAction\",\"target\":[\"http:\\\/\\\/www.wmt.it\\\/index.php\\\/fr\\\/machines-a-laver-les-courroies\\\/\"]}]},{\"@type\":\"ImageObject\",\"inLanguage\":\"it-IT\",\"@id\":\"http:\\\/\\\/www.wmt.it\\\/index.php\\\/fr\\\/machines-a-laver-les-courroies\\\/#primaryimage\",\"url\":\"http:\\\/\\\/www.wmt.it\\\/wp-content\\\/uploads\\\/2019\\\/12\\\/Spruzzi-e1576660663108.jpg\",\"contentUrl\":\"http:\\\/\\\/www.wmt.it\\\/wp-content\\\/uploads\\\/2019\\\/12\\\/Spruzzi-e1576660663108.jpg\",\"width\":1344,\"height\":422},{\"@type\":\"BreadcrumbList\",\"@id\":\"http:\\\/\\\/www.wmt.it\\\/index.php\\\/fr\\\/machines-a-laver-les-courroies\\\/#breadcrumb\",\"itemListElement\":[{\"@type\":\"ListItem\",\"position\":1,\"name\":\"Home\",\"item\":\"http:\\\/\\\/www.wmt.it\\\/index.php\\\/en\\\/wmt-home\\\/\"},{\"@type\":\"ListItem\",\"position\":2,\"name\":\"Machines \u00e0 laver les courroies\"}]},{\"@type\":\"WebSite\",\"@id\":\"http:\\\/\\\/www.wmt.it\\\/#website\",\"url\":\"http:\\\/\\\/www.wmt.it\\\/\",\"name\":\"W.M.T. - Water and Mechanical Technology s.r.l.\",\"description\":\"ENGINEERING AND FILTERING SYSTEM, PURE WITH PROFIT\",\"publisher\":{\"@id\":\"http:\\\/\\\/www.wmt.it\\\/#organization\"},\"potentialAction\":[{\"@type\":\"SearchAction\",\"target\":{\"@type\":\"EntryPoint\",\"urlTemplate\":\"http:\\\/\\\/www.wmt.it\\\/?s={search_term_string}\"},\"query-input\":{\"@type\":\"PropertyValueSpecification\",\"valueRequired\":true,\"valueName\":\"search_term_string\"}}],\"inLanguage\":\"it-IT\"},{\"@type\":\"Organization\",\"@id\":\"http:\\\/\\\/www.wmt.it\\\/#organization\",\"name\":\"W.M.T. - Water and Mechanical Technology s.r.l.\",\"url\":\"http:\\\/\\\/www.wmt.it\\\/\",\"logo\":{\"@type\":\"ImageObject\",\"inLanguage\":\"it-IT\",\"@id\":\"http:\\\/\\\/www.wmt.it\\\/#\\\/schema\\\/logo\\\/image\\\/\",\"url\":\"http:\\\/\\\/www.wmt.it\\\/wp-content\\\/uploads\\\/2019\\\/12\\\/logo_wmt_blu_512x512.jpg\",\"contentUrl\":\"http:\\\/\\\/www.wmt.it\\\/wp-content\\\/uploads\\\/2019\\\/12\\\/logo_wmt_blu_512x512.jpg\",\"width\":512,\"height\":512,\"caption\":\"W.M.T. - Water and Mechanical Technology s.r.l.\"},\"image\":{\"@id\":\"http:\\\/\\\/www.wmt.it\\\/#\\\/schema\\\/logo\\\/image\\\/\"},\"sameAs\":[\"https:\\\/\\\/www.facebook.com\\\/pages\\\/WMT\\\/523330841079249?eid=ARBCva1bxbHrIwpLi2jUbikM5NzJrQOywcEqrkgUjYQ_m59R20SghP76Um2Ffw8jsoHFxRwr_28Y5a6v\",\"https:\\\/\\\/www.google.com\\\/maps\\\/place\\\/W.M.T.+-+Water+and+Mechanical+Technology+s.r.l.\\\/@45.538948,9.1806583,17z\\\/data=!3m1!4b1!4m5!3m4!1s0x4786bf60c912a84b:0xfc12749d2f8ea14a!8m2!3d45.538948!4d9.182847\",\"https:\\\/\\\/www.linkedin.com\\\/company\\\/2059941\"]}]}<\/script>\n<!-- \/ Yoast SEO plugin. -->","yoast_head_json":{"title":"Machines \u00e0 laver les courroies &#8226; W.M.T. - Water and Mechanical Technology s.r.l.","description":"Les machines \u00e0 laver \u00e0 bande WMT peuvent \u00eatre install\u00e9es sur les lignes de finition des bobines avant les processus de peinture, de galvanisation, de phosphatation et d'huilage final.","robots":{"index":"index","follow":"follow","max-snippet":"max-snippet:-1","max-image-preview":"max-image-preview:large","max-video-preview":"max-video-preview:-1"},"canonical":"http:\/\/www.wmt.it\/index.php\/fr\/machines-a-laver-les-courroies\/","og_locale":"it_IT","og_type":"article","og_title":"Machines \u00e0 laver les courroies &#8226; W.M.T. - Water and Mechanical Technology s.r.l.","og_description":"Les machines \u00e0 laver \u00e0 bande WMT peuvent \u00eatre install\u00e9es sur les lignes de finition des bobines avant les processus de peinture, de galvanisation, de phosphatation et d'huilage final.","og_url":"http:\/\/www.wmt.it\/index.php\/fr\/machines-a-laver-les-courroies\/","og_site_name":"W.M.T. - Water and Mechanical Technology s.r.l.","article_publisher":"https:\/\/www.facebook.com\/pages\/WMT\/523330841079249?eid=ARBCva1bxbHrIwpLi2jUbikM5NzJrQOywcEqrkgUjYQ_m59R20SghP76Um2Ffw8jsoHFxRwr_28Y5a6v","article_modified_time":"2020-02-11T10:52:48+00:00","og_image":[{"width":1344,"height":422,"url":"http:\/\/www.wmt.it\/wp-content\/uploads\/2019\/12\/Spruzzi-e1576660663108.jpg","type":"image\/jpeg"}],"twitter_card":"summary_large_image","twitter_misc":{"Tempo di lettura stimato":"2 minuti"},"schema":{"@context":"https:\/\/schema.org","@graph":[{"@type":"WebPage","@id":"http:\/\/www.wmt.it\/index.php\/fr\/machines-a-laver-les-courroies\/","url":"http:\/\/www.wmt.it\/index.php\/fr\/machines-a-laver-les-courroies\/","name":"Machines \u00e0 laver les courroies &#8226; W.M.T. - Water and Mechanical Technology s.r.l.","isPartOf":{"@id":"http:\/\/www.wmt.it\/#website"},"primaryImageOfPage":{"@id":"http:\/\/www.wmt.it\/index.php\/fr\/machines-a-laver-les-courroies\/#primaryimage"},"image":{"@id":"http:\/\/www.wmt.it\/index.php\/fr\/machines-a-laver-les-courroies\/#primaryimage"},"thumbnailUrl":"http:\/\/www.wmt.it\/wp-content\/uploads\/2019\/12\/Spruzzi-e1576660663108.jpg","datePublished":"2019-12-10T10:29:36+00:00","dateModified":"2020-02-11T10:52:48+00:00","description":"Les machines \u00e0 laver \u00e0 bande WMT peuvent \u00eatre install\u00e9es sur les lignes de finition des bobines avant les processus de peinture, de galvanisation, de phosphatation et d'huilage final.","breadcrumb":{"@id":"http:\/\/www.wmt.it\/index.php\/fr\/machines-a-laver-les-courroies\/#breadcrumb"},"inLanguage":"it-IT","potentialAction":[{"@type":"ReadAction","target":["http:\/\/www.wmt.it\/index.php\/fr\/machines-a-laver-les-courroies\/"]}]},{"@type":"ImageObject","inLanguage":"it-IT","@id":"http:\/\/www.wmt.it\/index.php\/fr\/machines-a-laver-les-courroies\/#primaryimage","url":"http:\/\/www.wmt.it\/wp-content\/uploads\/2019\/12\/Spruzzi-e1576660663108.jpg","contentUrl":"http:\/\/www.wmt.it\/wp-content\/uploads\/2019\/12\/Spruzzi-e1576660663108.jpg","width":1344,"height":422},{"@type":"BreadcrumbList","@id":"http:\/\/www.wmt.it\/index.php\/fr\/machines-a-laver-les-courroies\/#breadcrumb","itemListElement":[{"@type":"ListItem","position":1,"name":"Home","item":"http:\/\/www.wmt.it\/index.php\/en\/wmt-home\/"},{"@type":"ListItem","position":2,"name":"Machines \u00e0 laver les courroies"}]},{"@type":"WebSite","@id":"http:\/\/www.wmt.it\/#website","url":"http:\/\/www.wmt.it\/","name":"W.M.T. - Water and Mechanical Technology s.r.l.","description":"ENGINEERING AND FILTERING SYSTEM, PURE WITH PROFIT","publisher":{"@id":"http:\/\/www.wmt.it\/#organization"},"potentialAction":[{"@type":"SearchAction","target":{"@type":"EntryPoint","urlTemplate":"http:\/\/www.wmt.it\/?s={search_term_string}"},"query-input":{"@type":"PropertyValueSpecification","valueRequired":true,"valueName":"search_term_string"}}],"inLanguage":"it-IT"},{"@type":"Organization","@id":"http:\/\/www.wmt.it\/#organization","name":"W.M.T. - Water and Mechanical Technology s.r.l.","url":"http:\/\/www.wmt.it\/","logo":{"@type":"ImageObject","inLanguage":"it-IT","@id":"http:\/\/www.wmt.it\/#\/schema\/logo\/image\/","url":"http:\/\/www.wmt.it\/wp-content\/uploads\/2019\/12\/logo_wmt_blu_512x512.jpg","contentUrl":"http:\/\/www.wmt.it\/wp-content\/uploads\/2019\/12\/logo_wmt_blu_512x512.jpg","width":512,"height":512,"caption":"W.M.T. - Water and Mechanical Technology s.r.l."},"image":{"@id":"http:\/\/www.wmt.it\/#\/schema\/logo\/image\/"},"sameAs":["https:\/\/www.facebook.com\/pages\/WMT\/523330841079249?eid=ARBCva1bxbHrIwpLi2jUbikM5NzJrQOywcEqrkgUjYQ_m59R20SghP76Um2Ffw8jsoHFxRwr_28Y5a6v","https:\/\/www.google.com\/maps\/place\/W.M.T.+-+Water+and+Mechanical+Technology+s.r.l.\/@45.538948,9.1806583,17z\/data=!3m1!4b1!4m5!3m4!1s0x4786bf60c912a84b:0xfc12749d2f8ea14a!8m2!3d45.538948!4d9.182847","https:\/\/www.linkedin.com\/company\/2059941"]}]}},"_links":{"self":[{"href":"http:\/\/www.wmt.it\/index.php\/wp-json\/wp\/v2\/pages\/1372","targetHints":{"allow":["GET"]}}],"collection":[{"href":"http:\/\/www.wmt.it\/index.php\/wp-json\/wp\/v2\/pages"}],"about":[{"href":"http:\/\/www.wmt.it\/index.php\/wp-json\/wp\/v2\/types\/page"}],"author":[{"embeddable":true,"href":"http:\/\/www.wmt.it\/index.php\/wp-json\/wp\/v2\/users\/3"}],"replies":[{"embeddable":true,"href":"http:\/\/www.wmt.it\/index.php\/wp-json\/wp\/v2\/comments?post=1372"}],"version-history":[{"count":9,"href":"http:\/\/www.wmt.it\/index.php\/wp-json\/wp\/v2\/pages\/1372\/revisions"}],"predecessor-version":[{"id":2850,"href":"http:\/\/www.wmt.it\/index.php\/wp-json\/wp\/v2\/pages\/1372\/revisions\/2850"}],"wp:featuredmedia":[{"embeddable":true,"href":"http:\/\/www.wmt.it\/index.php\/wp-json\/wp\/v2\/media\/1724"}],"wp:attachment":[{"href":"http:\/\/www.wmt.it\/index.php\/wp-json\/wp\/v2\/media?parent=1372"}],"curies":[{"name":"wp","href":"https:\/\/api.w.org\/{rel}","templated":true}]}}