{"id":1973,"date":"2019-12-23T16:54:54","date_gmt":"2019-12-23T15:54:54","guid":{"rendered":"http:\/\/www.wmt.it\/?page_id=1973"},"modified":"2020-01-27T16:20:14","modified_gmt":"2020-01-27T15:20:14","slug":"analyses-gravimetriques-et-granulometriques","status":"publish","type":"page","link":"http:\/\/www.wmt.it\/index.php\/fr\/analyses-gravimetriques-et-granulometriques\/","title":{"rendered":"Analyses gravim\u00e9triques et granulom\u00e9triques"},"content":{"rendered":"\n<p>Notre laboratoire chimique\/physique effectue des analyses granulom\u00e9triques sur des liquides \u00e0 l&#8217;aide d&#8217;un instrument laser capable de d\u00e9terminer le pourcentage de solides pr\u00e9sents par classe de taille. Il \u00e9labore ensuite un graphique avec une courbe cumulative et un histogramme repr\u00e9sentant les classes.<\/p>\n\n\n\n<p>Le tout sans possibilit\u00e9 de manipulation car, dans le cas de liquides \u00e9mulsionnables, ceux-ci sont ins\u00e9r\u00e9s tels quels dans l&#8217;appareil qui traite automatiquement les r\u00e9sultats via PC.<\/p>\n\n\n\n<p>Dans le cas de liquides compos\u00e9s d&#8217;huile enti\u00e8re, une filtration au millipore est effectu\u00e9e \u00e0 l&#8217;avance pour s\u00e9parer compl\u00e8tement la partie solide de la partie liquide, en pouvant \u00e9tablir \u00e9galement le p.p.m. avec cette proc\u00e9dure, puis en dispersant la partie solide dans l&#8217;eau pour permettre \u00e0 l&#8217;instrument de mesurer.<\/p>\n\n\n\n<p><table style=\"width: 100%;\" cellspacing=\"0\" border=\"0\">\n<tbody>\n<tr><\/tr>\n<tr>\n<td style=\"width: 10%;\" align=\"center\"><\/td>\n<td style=\"width: 80%;\" align=\"center\"><div class=\"wp-block-button\"><a class=\"wp-block-button__link has-background has-vivid-cyan-blue-background-color\" href=\"http:\/\/www.wmt.it\/wp-content\/uploads\/2020\/01\/wmt_cilas_analisys.pdf\" target=\"_blank\" rel=\"noopener noreferrer\">Voir un exemple d&#8217;analyse granulom\u00e9trique Cilas<\/a><\/div><\/td>\n<td style=\"width: 10%;\" align=\"center\"><\/td>\n<\/tr>\n<\/tbody>\n<\/table><\/p>\n","protected":false},"excerpt":{"rendered":"<p>Notre laboratoire chimique\/physique effectue des analyses granulom\u00e9triques sur des liquides \u00e0 l&#8217;aide d&#8217;un instrument laser capable de d\u00e9terminer le pourcentage de solides pr\u00e9sents par classe de taille. Il \u00e9labore ensuite un graphique avec une courbe cumulative et un histogramme repr\u00e9sentant les classes. Le tout sans possibilit\u00e9 de manipulation car, dans le cas de liquides \u00e9mulsionnables, [&hellip;]<\/p>\n","protected":false},"author":1,"featured_media":0,"parent":0,"menu_order":0,"comment_status":"closed","ping_status":"closed","template":"","meta":{"ngg_post_thumbnail":0,"footnotes":""},"class_list":["post-1973","page","type-page","status-publish","hentry"],"yoast_head":"<!-- This site is optimized with the Yoast SEO plugin v27.3 - https:\/\/yoast.com\/product\/yoast-seo-wordpress\/ -->\n<title>Analyses gravim\u00e9triques et granulom\u00e9triques &#8226; W.M.T. - Water and Mechanical Technology s.r.l.<\/title>\n<meta name=\"robots\" content=\"index, follow, max-snippet:-1, max-image-preview:large, max-video-preview:-1\" \/>\n<link rel=\"canonical\" href=\"http:\/\/www.wmt.it\/index.php\/fr\/analyses-gravimetriques-et-granulometriques\/\" \/>\n<meta property=\"og:locale\" content=\"it_IT\" \/>\n<meta property=\"og:type\" content=\"article\" \/>\n<meta property=\"og:title\" content=\"Analyses gravim\u00e9triques et granulom\u00e9triques &#8226; W.M.T. - Water and Mechanical Technology s.r.l.\" \/>\n<meta property=\"og:description\" content=\"Notre laboratoire chimique\/physique effectue des analyses granulom\u00e9triques sur des liquides \u00e0 l&#8217;aide d&#8217;un instrument laser capable de d\u00e9terminer le pourcentage de solides pr\u00e9sents par classe de taille. Il \u00e9labore ensuite un graphique avec une courbe cumulative et un histogramme repr\u00e9sentant les classes. Le tout sans possibilit\u00e9 de manipulation car, dans le cas de liquides \u00e9mulsionnables, [&hellip;]\" \/>\n<meta property=\"og:url\" content=\"http:\/\/www.wmt.it\/index.php\/fr\/analyses-gravimetriques-et-granulometriques\/\" \/>\n<meta property=\"og:site_name\" content=\"W.M.T. - Water and Mechanical Technology s.r.l.\" \/>\n<meta property=\"article:publisher\" content=\"https:\/\/www.facebook.com\/pages\/WMT\/523330841079249?eid=ARBCva1bxbHrIwpLi2jUbikM5NzJrQOywcEqrkgUjYQ_m59R20SghP76Um2Ffw8jsoHFxRwr_28Y5a6v\" \/>\n<meta property=\"article:modified_time\" content=\"2020-01-27T15:20:14+00:00\" \/>\n<meta name=\"twitter:card\" content=\"summary_large_image\" \/>\n<meta name=\"twitter:label1\" content=\"Tempo di lettura stimato\" \/>\n\t<meta name=\"twitter:data1\" content=\"1 minuto\" \/>\n<script type=\"application\/ld+json\" class=\"yoast-schema-graph\">{\"@context\":\"https:\\\/\\\/schema.org\",\"@graph\":[{\"@type\":\"WebPage\",\"@id\":\"http:\\\/\\\/www.wmt.it\\\/index.php\\\/fr\\\/analyses-gravimetriques-et-granulometriques\\\/\",\"url\":\"http:\\\/\\\/www.wmt.it\\\/index.php\\\/fr\\\/analyses-gravimetriques-et-granulometriques\\\/\",\"name\":\"Analyses gravim\u00e9triques et granulom\u00e9triques &#8226; W.M.T. - Water and Mechanical Technology s.r.l.\",\"isPartOf\":{\"@id\":\"http:\\\/\\\/www.wmt.it\\\/#website\"},\"datePublished\":\"2019-12-23T15:54:54+00:00\",\"dateModified\":\"2020-01-27T15:20:14+00:00\",\"breadcrumb\":{\"@id\":\"http:\\\/\\\/www.wmt.it\\\/index.php\\\/fr\\\/analyses-gravimetriques-et-granulometriques\\\/#breadcrumb\"},\"inLanguage\":\"it-IT\",\"potentialAction\":[{\"@type\":\"ReadAction\",\"target\":[\"http:\\\/\\\/www.wmt.it\\\/index.php\\\/fr\\\/analyses-gravimetriques-et-granulometriques\\\/\"]}]},{\"@type\":\"BreadcrumbList\",\"@id\":\"http:\\\/\\\/www.wmt.it\\\/index.php\\\/fr\\\/analyses-gravimetriques-et-granulometriques\\\/#breadcrumb\",\"itemListElement\":[{\"@type\":\"ListItem\",\"position\":1,\"name\":\"Home\",\"item\":\"http:\\\/\\\/www.wmt.it\\\/index.php\\\/en\\\/wmt-home\\\/\"},{\"@type\":\"ListItem\",\"position\":2,\"name\":\"Analyses gravim\u00e9triques et granulom\u00e9triques\"}]},{\"@type\":\"WebSite\",\"@id\":\"http:\\\/\\\/www.wmt.it\\\/#website\",\"url\":\"http:\\\/\\\/www.wmt.it\\\/\",\"name\":\"W.M.T. - Water and Mechanical Technology s.r.l.\",\"description\":\"ENGINEERING AND FILTERING SYSTEM, PURE WITH PROFIT\",\"publisher\":{\"@id\":\"http:\\\/\\\/www.wmt.it\\\/#organization\"},\"potentialAction\":[{\"@type\":\"SearchAction\",\"target\":{\"@type\":\"EntryPoint\",\"urlTemplate\":\"http:\\\/\\\/www.wmt.it\\\/?s={search_term_string}\"},\"query-input\":{\"@type\":\"PropertyValueSpecification\",\"valueRequired\":true,\"valueName\":\"search_term_string\"}}],\"inLanguage\":\"it-IT\"},{\"@type\":\"Organization\",\"@id\":\"http:\\\/\\\/www.wmt.it\\\/#organization\",\"name\":\"W.M.T. - Water and Mechanical Technology s.r.l.\",\"url\":\"http:\\\/\\\/www.wmt.it\\\/\",\"logo\":{\"@type\":\"ImageObject\",\"inLanguage\":\"it-IT\",\"@id\":\"http:\\\/\\\/www.wmt.it\\\/#\\\/schema\\\/logo\\\/image\\\/\",\"url\":\"http:\\\/\\\/www.wmt.it\\\/wp-content\\\/uploads\\\/2019\\\/12\\\/logo_wmt_blu_512x512.jpg\",\"contentUrl\":\"http:\\\/\\\/www.wmt.it\\\/wp-content\\\/uploads\\\/2019\\\/12\\\/logo_wmt_blu_512x512.jpg\",\"width\":512,\"height\":512,\"caption\":\"W.M.T. - Water and Mechanical Technology s.r.l.\"},\"image\":{\"@id\":\"http:\\\/\\\/www.wmt.it\\\/#\\\/schema\\\/logo\\\/image\\\/\"},\"sameAs\":[\"https:\\\/\\\/www.facebook.com\\\/pages\\\/WMT\\\/523330841079249?eid=ARBCva1bxbHrIwpLi2jUbikM5NzJrQOywcEqrkgUjYQ_m59R20SghP76Um2Ffw8jsoHFxRwr_28Y5a6v\",\"https:\\\/\\\/www.google.com\\\/maps\\\/place\\\/W.M.T.+-+Water+and+Mechanical+Technology+s.r.l.\\\/@45.538948,9.1806583,17z\\\/data=!3m1!4b1!4m5!3m4!1s0x4786bf60c912a84b:0xfc12749d2f8ea14a!8m2!3d45.538948!4d9.182847\",\"https:\\\/\\\/www.linkedin.com\\\/company\\\/2059941\"]}]}<\/script>\n<!-- \/ Yoast SEO plugin. -->","yoast_head_json":{"title":"Analyses gravim\u00e9triques et granulom\u00e9triques &#8226; W.M.T. - Water and Mechanical Technology s.r.l.","robots":{"index":"index","follow":"follow","max-snippet":"max-snippet:-1","max-image-preview":"max-image-preview:large","max-video-preview":"max-video-preview:-1"},"canonical":"http:\/\/www.wmt.it\/index.php\/fr\/analyses-gravimetriques-et-granulometriques\/","og_locale":"it_IT","og_type":"article","og_title":"Analyses gravim\u00e9triques et granulom\u00e9triques &#8226; W.M.T. - Water and Mechanical Technology s.r.l.","og_description":"Notre laboratoire chimique\/physique effectue des analyses granulom\u00e9triques sur des liquides \u00e0 l&#8217;aide d&#8217;un instrument laser capable de d\u00e9terminer le pourcentage de solides pr\u00e9sents par classe de taille. Il \u00e9labore ensuite un graphique avec une courbe cumulative et un histogramme repr\u00e9sentant les classes. Le tout sans possibilit\u00e9 de manipulation car, dans le cas de liquides \u00e9mulsionnables, [&hellip;]","og_url":"http:\/\/www.wmt.it\/index.php\/fr\/analyses-gravimetriques-et-granulometriques\/","og_site_name":"W.M.T. - Water and Mechanical Technology s.r.l.","article_publisher":"https:\/\/www.facebook.com\/pages\/WMT\/523330841079249?eid=ARBCva1bxbHrIwpLi2jUbikM5NzJrQOywcEqrkgUjYQ_m59R20SghP76Um2Ffw8jsoHFxRwr_28Y5a6v","article_modified_time":"2020-01-27T15:20:14+00:00","twitter_card":"summary_large_image","twitter_misc":{"Tempo di lettura stimato":"1 minuto"},"schema":{"@context":"https:\/\/schema.org","@graph":[{"@type":"WebPage","@id":"http:\/\/www.wmt.it\/index.php\/fr\/analyses-gravimetriques-et-granulometriques\/","url":"http:\/\/www.wmt.it\/index.php\/fr\/analyses-gravimetriques-et-granulometriques\/","name":"Analyses gravim\u00e9triques et granulom\u00e9triques &#8226; W.M.T. - Water and Mechanical Technology s.r.l.","isPartOf":{"@id":"http:\/\/www.wmt.it\/#website"},"datePublished":"2019-12-23T15:54:54+00:00","dateModified":"2020-01-27T15:20:14+00:00","breadcrumb":{"@id":"http:\/\/www.wmt.it\/index.php\/fr\/analyses-gravimetriques-et-granulometriques\/#breadcrumb"},"inLanguage":"it-IT","potentialAction":[{"@type":"ReadAction","target":["http:\/\/www.wmt.it\/index.php\/fr\/analyses-gravimetriques-et-granulometriques\/"]}]},{"@type":"BreadcrumbList","@id":"http:\/\/www.wmt.it\/index.php\/fr\/analyses-gravimetriques-et-granulometriques\/#breadcrumb","itemListElement":[{"@type":"ListItem","position":1,"name":"Home","item":"http:\/\/www.wmt.it\/index.php\/en\/wmt-home\/"},{"@type":"ListItem","position":2,"name":"Analyses gravim\u00e9triques et granulom\u00e9triques"}]},{"@type":"WebSite","@id":"http:\/\/www.wmt.it\/#website","url":"http:\/\/www.wmt.it\/","name":"W.M.T. - Water and Mechanical Technology s.r.l.","description":"ENGINEERING AND FILTERING SYSTEM, PURE WITH PROFIT","publisher":{"@id":"http:\/\/www.wmt.it\/#organization"},"potentialAction":[{"@type":"SearchAction","target":{"@type":"EntryPoint","urlTemplate":"http:\/\/www.wmt.it\/?s={search_term_string}"},"query-input":{"@type":"PropertyValueSpecification","valueRequired":true,"valueName":"search_term_string"}}],"inLanguage":"it-IT"},{"@type":"Organization","@id":"http:\/\/www.wmt.it\/#organization","name":"W.M.T. - Water and Mechanical Technology s.r.l.","url":"http:\/\/www.wmt.it\/","logo":{"@type":"ImageObject","inLanguage":"it-IT","@id":"http:\/\/www.wmt.it\/#\/schema\/logo\/image\/","url":"http:\/\/www.wmt.it\/wp-content\/uploads\/2019\/12\/logo_wmt_blu_512x512.jpg","contentUrl":"http:\/\/www.wmt.it\/wp-content\/uploads\/2019\/12\/logo_wmt_blu_512x512.jpg","width":512,"height":512,"caption":"W.M.T. - Water and Mechanical Technology s.r.l."},"image":{"@id":"http:\/\/www.wmt.it\/#\/schema\/logo\/image\/"},"sameAs":["https:\/\/www.facebook.com\/pages\/WMT\/523330841079249?eid=ARBCva1bxbHrIwpLi2jUbikM5NzJrQOywcEqrkgUjYQ_m59R20SghP76Um2Ffw8jsoHFxRwr_28Y5a6v","https:\/\/www.google.com\/maps\/place\/W.M.T.+-+Water+and+Mechanical+Technology+s.r.l.\/@45.538948,9.1806583,17z\/data=!3m1!4b1!4m5!3m4!1s0x4786bf60c912a84b:0xfc12749d2f8ea14a!8m2!3d45.538948!4d9.182847","https:\/\/www.linkedin.com\/company\/2059941"]}]}},"_links":{"self":[{"href":"http:\/\/www.wmt.it\/index.php\/wp-json\/wp\/v2\/pages\/1973","targetHints":{"allow":["GET"]}}],"collection":[{"href":"http:\/\/www.wmt.it\/index.php\/wp-json\/wp\/v2\/pages"}],"about":[{"href":"http:\/\/www.wmt.it\/index.php\/wp-json\/wp\/v2\/types\/page"}],"author":[{"embeddable":true,"href":"http:\/\/www.wmt.it\/index.php\/wp-json\/wp\/v2\/users\/1"}],"replies":[{"embeddable":true,"href":"http:\/\/www.wmt.it\/index.php\/wp-json\/wp\/v2\/comments?post=1973"}],"version-history":[{"count":4,"href":"http:\/\/www.wmt.it\/index.php\/wp-json\/wp\/v2\/pages\/1973\/revisions"}],"predecessor-version":[{"id":2652,"href":"http:\/\/www.wmt.it\/index.php\/wp-json\/wp\/v2\/pages\/1973\/revisions\/2652"}],"wp:attachment":[{"href":"http:\/\/www.wmt.it\/index.php\/wp-json\/wp\/v2\/media?parent=1973"}],"curies":[{"name":"wp","href":"https:\/\/api.w.org\/{rel}","templated":true}]}}