{"id":492,"date":"2019-12-03T10:21:05","date_gmt":"2019-12-03T09:21:05","guid":{"rendered":"http:\/\/www2.wmt.it\/?page_id=492"},"modified":"2020-01-28T16:14:14","modified_gmt":"2020-01-28T15:14:14","slug":"liquid-vacuum","status":"publish","type":"page","link":"http:\/\/www.wmt.it\/index.php\/liquid-vacuum\/","title":{"rendered":"Liquid Vacuum"},"content":{"rendered":"\n<p><br><strong>Filtro a depressione di liquido Liquid Vacuum<\/strong><\/p>\n\n\n\n<p>Nell&#8217;ambito dei filtri a depressione W.M.T. \u00e8 lieta di presentare il nuovo filtro permanete&nbsp;<strong><a href=\"http:\/\/www.wmt.it\/index.php\/1967-2\/\">Sandwich Panel<\/a><\/strong>&nbsp;operante attraverso filtraggio tridimensionale a regime capillare in grado di coniugare elevate portate specifiche con un altrettanto elevato potere di ritenzione del particellato solido contenuto nel liquido da trattare.<\/p>\n\n\n\n<p>Tale filtro ha ricevuto un&nbsp;<strong><a href=\"http:\/\/www.wmt.it\/images\/Common\/award.jpg\" target=\"_blank\" rel=\"noreferrer noopener\" aria-label=\" (apre in una nuova scheda)\">premio<\/a><\/strong>, in sede Europea, per la riduzione dell\u2019impatto ambientale in quanto per il suo funzionamento non necessita di mezzi filtranti a perdere, ed il mezzo filtrante permanente di cui \u00e8 composto \u00e8 rigenerabile nel tempo attraverso controlavaggi con lo stesso liquido filtrato di processo.<\/p>\n\n\n\n<p>Dopo le fasi di: test in laboratorio, sperimentazione su impianti pilota, ed industrializzazione presso la grande industria, il filtro Sandwich Panel \u00e8 pronto per la commercializzazione in qualsiasi campo applicativo.<\/p>\n\n\n\n<p>Grazie alla sua notevole flessibilit\u00e0 pu\u00f2 essere installato sia su sistemi di filtraggio in linea che fuori linea, in applicazioni singole o centralizzate, pu\u00f2 essere configurato sia come filtro principale che come filtro secondario oppure come filtro finale, pu\u00f2 essere installato sia in pressione che in depressione ed, infine, pu\u00f2 essere configurato per funzionamento, manuale, semiautomatico, automatico, autoregolante ed addirittura telegestito.<\/p>\n\n\n\n<p>Il filtro Sandwich Panel copre tutta la gamma dei fluidi trattabili, siano essi liquidi monofasi: acqua, olii, che plurifasi: emulsioni stabili; con portate comprese da 50 a 40000 l\/min e gradi di filtraggio in accordo alla NAS 1638 classe da 6 a 10 con granulometrie di particellato solido da 2 a 200 \u00b5m.<\/p>\n\n\n\n<ul class=\"wp-block-list\"><li>Portate da 100 a 60.000 l\/min.<\/li><li>Grado di filtraggio in accordo alla classe 2 \u00f7 12 della nostra tabella <strong><a href=\"http:\/\/www.wmt.it\/index.php\/classi-di-filtraggio\/\">ST-1584<\/a><\/strong>.<\/li><li>Mezzo filtrante:<ul><li>a perdere (<a href=\"http:\/\/www.wmt.it\/index.php\/liquid-vacuum-wedge-wire\/\"><strong>Filtro a depressione di liquido Liquid Vacuum Wedge Wire<\/strong><\/a>),<\/li><li>permanente con ritorno interno o esterno (<a href=\"http:\/\/www.wmt.it\/index.php\/liquid-vacuum-wedge-wire\/\"><strong>Filtro a depressione di liquido Liquid Vacuum Wedge Wire<\/strong><\/a>),<\/li><li>con pannello tridimensionale fisso e permanente (Brevetti n\u00b0 01254551 e 01273048) (<a href=\"http:\/\/www.wmt.it\/index.php\/liquid-vacuum-sandwich-panel\/\"><strong>Filtro a depressione di liquido Liquid Vacuum Sandwich Panel<\/strong><\/a> e\u00a0<a href=\"http:\/\/www.wmt.it\/index.php\/liquid-vacuum-sandwich-tube\/\"><strong>Filtro a depressione di liquido Liquid Vacuum Sandwich Tube<\/strong><\/a>).<\/li><\/ul><\/li><\/ul>\n","protected":false},"excerpt":{"rendered":"<p>Filtro a depressione di liquido Liquid Vacuum Nell&#8217;ambito dei filtri a depressione W.M.T. \u00e8 lieta di presentare il nuovo filtro permanete&nbsp;Sandwich Panel&nbsp;operante attraverso filtraggio tridimensionale a regime capillare in grado di coniugare elevate portate specifiche con un altrettanto elevato potere di ritenzione del particellato solido contenuto nel liquido da trattare. Tale filtro ha ricevuto un&nbsp;premio, [&hellip;]<\/p>\n","protected":false},"author":3,"featured_media":1758,"parent":0,"menu_order":0,"comment_status":"closed","ping_status":"closed","template":"","meta":{"ngg_post_thumbnail":0,"footnotes":""},"class_list":["post-492","page","type-page","status-publish","has-post-thumbnail","hentry"],"yoast_head":"<!-- This site is optimized with the Yoast SEO plugin v27.3 - https:\/\/yoast.com\/product\/yoast-seo-wordpress\/ -->\n<title>Liquid Vacuum &#8226; W.M.T. - Water and Mechanical Technology s.r.l.<\/title>\n<meta name=\"robots\" content=\"index, follow, max-snippet:-1, max-image-preview:large, max-video-preview:-1\" \/>\n<link rel=\"canonical\" href=\"http:\/\/www.wmt.it\/index.php\/liquid-vacuum\/\" \/>\n<meta property=\"og:locale\" content=\"it_IT\" \/>\n<meta property=\"og:type\" content=\"article\" \/>\n<meta property=\"og:title\" content=\"Liquid Vacuum &#8226; W.M.T. - Water and Mechanical Technology s.r.l.\" \/>\n<meta property=\"og:description\" content=\"Filtro a depressione di liquido Liquid Vacuum Nell&#8217;ambito dei filtri a depressione W.M.T. \u00e8 lieta di presentare il nuovo filtro permanete&nbsp;Sandwich Panel&nbsp;operante attraverso filtraggio tridimensionale a regime capillare in grado di coniugare elevate portate specifiche con un altrettanto elevato potere di ritenzione del particellato solido contenuto nel liquido da trattare. Tale filtro ha ricevuto un&nbsp;premio, [&hellip;]\" \/>\n<meta property=\"og:url\" content=\"http:\/\/www.wmt.it\/index.php\/liquid-vacuum\/\" \/>\n<meta property=\"og:site_name\" content=\"W.M.T. - Water and Mechanical Technology s.r.l.\" \/>\n<meta property=\"article:publisher\" content=\"https:\/\/www.facebook.com\/pages\/WMT\/523330841079249?eid=ARBCva1bxbHrIwpLi2jUbikM5NzJrQOywcEqrkgUjYQ_m59R20SghP76Um2Ffw8jsoHFxRwr_28Y5a6v\" \/>\n<meta property=\"article:modified_time\" content=\"2020-01-28T15:14:14+00:00\" \/>\n<meta property=\"og:image\" content=\"http:\/\/www.wmt.it\/wp-content\/uploads\/2019\/12\/water-nature-snow-winter-droplet-drop-984984-pxhere.com_-e1576747001641.jpg\" \/>\n\t<meta property=\"og:image:width\" content=\"1630\" \/>\n\t<meta property=\"og:image:height\" content=\"509\" \/>\n\t<meta property=\"og:image:type\" content=\"image\/jpeg\" \/>\n<meta name=\"twitter:card\" content=\"summary_large_image\" \/>\n<meta name=\"twitter:label1\" content=\"Tempo di lettura stimato\" \/>\n\t<meta name=\"twitter:data1\" content=\"2 minuti\" \/>\n<script type=\"application\/ld+json\" class=\"yoast-schema-graph\">{\"@context\":\"https:\\\/\\\/schema.org\",\"@graph\":[{\"@type\":\"WebPage\",\"@id\":\"http:\\\/\\\/www.wmt.it\\\/index.php\\\/liquid-vacuum\\\/\",\"url\":\"http:\\\/\\\/www.wmt.it\\\/index.php\\\/liquid-vacuum\\\/\",\"name\":\"Liquid Vacuum &#8226; W.M.T. - Water and Mechanical Technology s.r.l.\",\"isPartOf\":{\"@id\":\"http:\\\/\\\/www.wmt.it\\\/#website\"},\"primaryImageOfPage\":{\"@id\":\"http:\\\/\\\/www.wmt.it\\\/index.php\\\/liquid-vacuum\\\/#primaryimage\"},\"image\":{\"@id\":\"http:\\\/\\\/www.wmt.it\\\/index.php\\\/liquid-vacuum\\\/#primaryimage\"},\"thumbnailUrl\":\"http:\\\/\\\/www.wmt.it\\\/wp-content\\\/uploads\\\/2019\\\/12\\\/water-nature-snow-winter-droplet-drop-984984-pxhere.com_-e1576747001641.jpg\",\"datePublished\":\"2019-12-03T09:21:05+00:00\",\"dateModified\":\"2020-01-28T15:14:14+00:00\",\"breadcrumb\":{\"@id\":\"http:\\\/\\\/www.wmt.it\\\/index.php\\\/liquid-vacuum\\\/#breadcrumb\"},\"inLanguage\":\"it-IT\",\"potentialAction\":[{\"@type\":\"ReadAction\",\"target\":[\"http:\\\/\\\/www.wmt.it\\\/index.php\\\/liquid-vacuum\\\/\"]}]},{\"@type\":\"ImageObject\",\"inLanguage\":\"it-IT\",\"@id\":\"http:\\\/\\\/www.wmt.it\\\/index.php\\\/liquid-vacuum\\\/#primaryimage\",\"url\":\"http:\\\/\\\/www.wmt.it\\\/wp-content\\\/uploads\\\/2019\\\/12\\\/water-nature-snow-winter-droplet-drop-984984-pxhere.com_-e1576747001641.jpg\",\"contentUrl\":\"http:\\\/\\\/www.wmt.it\\\/wp-content\\\/uploads\\\/2019\\\/12\\\/water-nature-snow-winter-droplet-drop-984984-pxhere.com_-e1576747001641.jpg\",\"width\":1630,\"height\":509,\"caption\":\"w.m.t. - water and mechanical technology\"},{\"@type\":\"BreadcrumbList\",\"@id\":\"http:\\\/\\\/www.wmt.it\\\/index.php\\\/liquid-vacuum\\\/#breadcrumb\",\"itemListElement\":[{\"@type\":\"ListItem\",\"position\":1,\"name\":\"Home\",\"item\":\"http:\\\/\\\/www.wmt.it\\\/index.php\\\/en\\\/wmt-home\\\/\"},{\"@type\":\"ListItem\",\"position\":2,\"name\":\"Liquid Vacuum\"}]},{\"@type\":\"WebSite\",\"@id\":\"http:\\\/\\\/www.wmt.it\\\/#website\",\"url\":\"http:\\\/\\\/www.wmt.it\\\/\",\"name\":\"W.M.T. - Water and Mechanical Technology s.r.l.\",\"description\":\"ENGINEERING AND FILTERING SYSTEM, PURE WITH PROFIT\",\"publisher\":{\"@id\":\"http:\\\/\\\/www.wmt.it\\\/#organization\"},\"potentialAction\":[{\"@type\":\"SearchAction\",\"target\":{\"@type\":\"EntryPoint\",\"urlTemplate\":\"http:\\\/\\\/www.wmt.it\\\/?s={search_term_string}\"},\"query-input\":{\"@type\":\"PropertyValueSpecification\",\"valueRequired\":true,\"valueName\":\"search_term_string\"}}],\"inLanguage\":\"it-IT\"},{\"@type\":\"Organization\",\"@id\":\"http:\\\/\\\/www.wmt.it\\\/#organization\",\"name\":\"W.M.T. - Water and Mechanical Technology s.r.l.\",\"url\":\"http:\\\/\\\/www.wmt.it\\\/\",\"logo\":{\"@type\":\"ImageObject\",\"inLanguage\":\"it-IT\",\"@id\":\"http:\\\/\\\/www.wmt.it\\\/#\\\/schema\\\/logo\\\/image\\\/\",\"url\":\"http:\\\/\\\/www.wmt.it\\\/wp-content\\\/uploads\\\/2019\\\/12\\\/logo_wmt_blu_512x512.jpg\",\"contentUrl\":\"http:\\\/\\\/www.wmt.it\\\/wp-content\\\/uploads\\\/2019\\\/12\\\/logo_wmt_blu_512x512.jpg\",\"width\":512,\"height\":512,\"caption\":\"W.M.T. - Water and Mechanical Technology s.r.l.\"},\"image\":{\"@id\":\"http:\\\/\\\/www.wmt.it\\\/#\\\/schema\\\/logo\\\/image\\\/\"},\"sameAs\":[\"https:\\\/\\\/www.facebook.com\\\/pages\\\/WMT\\\/523330841079249?eid=ARBCva1bxbHrIwpLi2jUbikM5NzJrQOywcEqrkgUjYQ_m59R20SghP76Um2Ffw8jsoHFxRwr_28Y5a6v\",\"https:\\\/\\\/www.google.com\\\/maps\\\/place\\\/W.M.T.+-+Water+and+Mechanical+Technology+s.r.l.\\\/@45.538948,9.1806583,17z\\\/data=!3m1!4b1!4m5!3m4!1s0x4786bf60c912a84b:0xfc12749d2f8ea14a!8m2!3d45.538948!4d9.182847\",\"https:\\\/\\\/www.linkedin.com\\\/company\\\/2059941\"]}]}<\/script>\n<!-- \/ Yoast SEO plugin. -->","yoast_head_json":{"title":"Liquid Vacuum &#8226; W.M.T. - Water and Mechanical Technology s.r.l.","robots":{"index":"index","follow":"follow","max-snippet":"max-snippet:-1","max-image-preview":"max-image-preview:large","max-video-preview":"max-video-preview:-1"},"canonical":"http:\/\/www.wmt.it\/index.php\/liquid-vacuum\/","og_locale":"it_IT","og_type":"article","og_title":"Liquid Vacuum &#8226; W.M.T. - Water and Mechanical Technology s.r.l.","og_description":"Filtro a depressione di liquido Liquid Vacuum Nell&#8217;ambito dei filtri a depressione W.M.T. \u00e8 lieta di presentare il nuovo filtro permanete&nbsp;Sandwich Panel&nbsp;operante attraverso filtraggio tridimensionale a regime capillare in grado di coniugare elevate portate specifiche con un altrettanto elevato potere di ritenzione del particellato solido contenuto nel liquido da trattare. Tale filtro ha ricevuto un&nbsp;premio, [&hellip;]","og_url":"http:\/\/www.wmt.it\/index.php\/liquid-vacuum\/","og_site_name":"W.M.T. - Water and Mechanical Technology s.r.l.","article_publisher":"https:\/\/www.facebook.com\/pages\/WMT\/523330841079249?eid=ARBCva1bxbHrIwpLi2jUbikM5NzJrQOywcEqrkgUjYQ_m59R20SghP76Um2Ffw8jsoHFxRwr_28Y5a6v","article_modified_time":"2020-01-28T15:14:14+00:00","og_image":[{"width":1630,"height":509,"url":"http:\/\/www.wmt.it\/wp-content\/uploads\/2019\/12\/water-nature-snow-winter-droplet-drop-984984-pxhere.com_-e1576747001641.jpg","type":"image\/jpeg"}],"twitter_card":"summary_large_image","twitter_misc":{"Tempo di lettura stimato":"2 minuti"},"schema":{"@context":"https:\/\/schema.org","@graph":[{"@type":"WebPage","@id":"http:\/\/www.wmt.it\/index.php\/liquid-vacuum\/","url":"http:\/\/www.wmt.it\/index.php\/liquid-vacuum\/","name":"Liquid Vacuum &#8226; W.M.T. - Water and Mechanical Technology s.r.l.","isPartOf":{"@id":"http:\/\/www.wmt.it\/#website"},"primaryImageOfPage":{"@id":"http:\/\/www.wmt.it\/index.php\/liquid-vacuum\/#primaryimage"},"image":{"@id":"http:\/\/www.wmt.it\/index.php\/liquid-vacuum\/#primaryimage"},"thumbnailUrl":"http:\/\/www.wmt.it\/wp-content\/uploads\/2019\/12\/water-nature-snow-winter-droplet-drop-984984-pxhere.com_-e1576747001641.jpg","datePublished":"2019-12-03T09:21:05+00:00","dateModified":"2020-01-28T15:14:14+00:00","breadcrumb":{"@id":"http:\/\/www.wmt.it\/index.php\/liquid-vacuum\/#breadcrumb"},"inLanguage":"it-IT","potentialAction":[{"@type":"ReadAction","target":["http:\/\/www.wmt.it\/index.php\/liquid-vacuum\/"]}]},{"@type":"ImageObject","inLanguage":"it-IT","@id":"http:\/\/www.wmt.it\/index.php\/liquid-vacuum\/#primaryimage","url":"http:\/\/www.wmt.it\/wp-content\/uploads\/2019\/12\/water-nature-snow-winter-droplet-drop-984984-pxhere.com_-e1576747001641.jpg","contentUrl":"http:\/\/www.wmt.it\/wp-content\/uploads\/2019\/12\/water-nature-snow-winter-droplet-drop-984984-pxhere.com_-e1576747001641.jpg","width":1630,"height":509,"caption":"w.m.t. - water and mechanical technology"},{"@type":"BreadcrumbList","@id":"http:\/\/www.wmt.it\/index.php\/liquid-vacuum\/#breadcrumb","itemListElement":[{"@type":"ListItem","position":1,"name":"Home","item":"http:\/\/www.wmt.it\/index.php\/en\/wmt-home\/"},{"@type":"ListItem","position":2,"name":"Liquid Vacuum"}]},{"@type":"WebSite","@id":"http:\/\/www.wmt.it\/#website","url":"http:\/\/www.wmt.it\/","name":"W.M.T. - Water and Mechanical Technology s.r.l.","description":"ENGINEERING AND FILTERING SYSTEM, PURE WITH PROFIT","publisher":{"@id":"http:\/\/www.wmt.it\/#organization"},"potentialAction":[{"@type":"SearchAction","target":{"@type":"EntryPoint","urlTemplate":"http:\/\/www.wmt.it\/?s={search_term_string}"},"query-input":{"@type":"PropertyValueSpecification","valueRequired":true,"valueName":"search_term_string"}}],"inLanguage":"it-IT"},{"@type":"Organization","@id":"http:\/\/www.wmt.it\/#organization","name":"W.M.T. - Water and Mechanical Technology s.r.l.","url":"http:\/\/www.wmt.it\/","logo":{"@type":"ImageObject","inLanguage":"it-IT","@id":"http:\/\/www.wmt.it\/#\/schema\/logo\/image\/","url":"http:\/\/www.wmt.it\/wp-content\/uploads\/2019\/12\/logo_wmt_blu_512x512.jpg","contentUrl":"http:\/\/www.wmt.it\/wp-content\/uploads\/2019\/12\/logo_wmt_blu_512x512.jpg","width":512,"height":512,"caption":"W.M.T. - Water and Mechanical Technology s.r.l."},"image":{"@id":"http:\/\/www.wmt.it\/#\/schema\/logo\/image\/"},"sameAs":["https:\/\/www.facebook.com\/pages\/WMT\/523330841079249?eid=ARBCva1bxbHrIwpLi2jUbikM5NzJrQOywcEqrkgUjYQ_m59R20SghP76Um2Ffw8jsoHFxRwr_28Y5a6v","https:\/\/www.google.com\/maps\/place\/W.M.T.+-+Water+and+Mechanical+Technology+s.r.l.\/@45.538948,9.1806583,17z\/data=!3m1!4b1!4m5!3m4!1s0x4786bf60c912a84b:0xfc12749d2f8ea14a!8m2!3d45.538948!4d9.182847","https:\/\/www.linkedin.com\/company\/2059941"]}]}},"_links":{"self":[{"href":"http:\/\/www.wmt.it\/index.php\/wp-json\/wp\/v2\/pages\/492","targetHints":{"allow":["GET"]}}],"collection":[{"href":"http:\/\/www.wmt.it\/index.php\/wp-json\/wp\/v2\/pages"}],"about":[{"href":"http:\/\/www.wmt.it\/index.php\/wp-json\/wp\/v2\/types\/page"}],"author":[{"embeddable":true,"href":"http:\/\/www.wmt.it\/index.php\/wp-json\/wp\/v2\/users\/3"}],"replies":[{"embeddable":true,"href":"http:\/\/www.wmt.it\/index.php\/wp-json\/wp\/v2\/comments?post=492"}],"version-history":[{"count":10,"href":"http:\/\/www.wmt.it\/index.php\/wp-json\/wp\/v2\/pages\/492\/revisions"}],"predecessor-version":[{"id":2781,"href":"http:\/\/www.wmt.it\/index.php\/wp-json\/wp\/v2\/pages\/492\/revisions\/2781"}],"wp:featuredmedia":[{"embeddable":true,"href":"http:\/\/www.wmt.it\/index.php\/wp-json\/wp\/v2\/media\/1758"}],"wp:attachment":[{"href":"http:\/\/www.wmt.it\/index.php\/wp-json\/wp\/v2\/media?parent=492"}],"curies":[{"name":"wp","href":"https:\/\/api.w.org\/{rel}","templated":true}]}}