{"id":498,"date":"2019-12-03T10:23:29","date_gmt":"2019-12-03T09:23:29","guid":{"rendered":"http:\/\/www2.wmt.it\/?page_id=498"},"modified":"2020-01-28T09:27:42","modified_gmt":"2020-01-28T08:27:42","slug":"liquid-vacuum-sandwich-tube","status":"publish","type":"page","link":"http:\/\/www.wmt.it\/index.php\/liquid-vacuum-sandwich-tube\/","title":{"rendered":"Liquid Vacuum Sandwich Tube"},"content":{"rendered":"\n<p><strong>Filtro a depressione di liquido Liquid Vacuum Sandwich Tube<\/strong><\/p>\n\n\n\n<p><\/p>\n\n\n\n<p>Filtro a depressione di liquido con pannello filtrante permanente in regime capillare dalle seguenti caratteristiche:<\/p>\n\n\n\n<ul class=\"wp-block-list\"><li>Portata da 100 a 60.000 l\/min.<\/li><li>Grado di filtraggio in accordo alla classe 2 \u00f7 12 della nostra tabella ST-1584.<\/li><li>Mezzo filtrante permanente con pannello tridimensionale fisso e permanente (Brevetto n\u00b0 01254551 e 01273048).<\/li><li>Filtro idoneo al filtraggio di emulsioni stabili in differenti percentuali nonch\u00e9 di oli interi a diverse viscosit\u00e0.<\/li><\/ul>\n\n\n\n<p>Il sistema LIQUID VACUUM SANDWICH TUBE \u00e8 la logica prosecuzione dello sviluppo introdotto dal suo predecessore, il Liquid Vacuum Sandwich Panel.<\/p>\n\n\n\n<p>Di quest\u2019ultimo sfrutta la tecnologia del processo di filtrazione (vedi pannelli filtranti&nbsp;<strong>brevetti nr. 01254551 e nr. 01273048<\/strong>) che gli consentono di arrivare a valori anche molti spinti di gradi di filtraggio medi.<\/p>\n\n\n\n<p>Innovativa risulta essere la fase di autopulizia dei pannelli filtranti che avviene, a rotazione su tutti gli elementi, utilizzando il liquido inviato dal sistema alle utenze. La fase di autopulzia ha la medesima durata di quella di filtraggio.<\/p>\n\n\n\n<p>Gli elementi filtranti possono essere di diverse tipologie, da quelli a sezione triangolare a quelli a sezione esagonale, cilindrici o a foglia.<\/p>\n\n\n\n<p><strong>Particolare attenzione nella progettazione \u00e8 stata riservata alla possibilit\u00e0 di aggiornare i vecchi sistemi a depressione con questi nuovi elementi filtranti, aumentando in questo modo le capacit\u00e0 di risposta ad ogni possibile esigenza operativa.<\/strong><\/p>\n\n\n\n<p><strong>Aumenti di portata, gradi di filtraggio diversi per operazioni particolari sulla stessa linea, garanzia del grado di filtraggio medio ora sono possibili anche mantenendo le preesistenti strutture carpentieristiche.<\/strong><\/p>\n\n\n\n<p>Tutto il sistema viene gestito tramite PLC ed \u00e8 fornito, per il rilevamento di tutti i parametri funzionali, di apparecchiature in grado di inviare segnali digitali in 4 &#8211; 20 mA oppure in modalit\u00e0 PROFIBUS.<\/p>\n\n\n\n<p>Queste fanno s\u00ec che, tramite un programma appositamente studiato, il sistema sia in grado di lavorare secondo condizioni operative variabili in funzione del carico di inquinante, trucioli e\/o olio idraulico, che viene convogliato nella vasca tramite i canali di scarico.<\/p>\n\n\n\n<table style=\"width: 100%;\" cellspacing=\"0\" border=\"0\">\n<tbody>\n<tr><\/tr>\n<tr>\n<td style=\"width: 10%;\" align=\"center\"><\/td>\n<td style=\"width: 35%;\" align=\"center\"><div class=\"wp-block-button\"><a class=\"wp-block-button__link has-background has-vivid-cyan-blue-background-color\" href=\"http:\/\/www.wmt.it\/index.php\/liquid-vacuum-sandwich-tube-foto\/\" target=\"_blank\" rel=\"noopener noreferrer\">Galleria immagini<\/a><\/div><\/td>\n<td style=\"width: 10%;\" align=\"center\"><\/td>\n<td style=\"width: 35%;\" align=\"center\"><div class=\"wp-block-button\"><a class=\"wp-block-button__link has-background has-vivid-cyan-blue-background-color\" href=\"http:\/\/www.wmt.it\/wp-content\/uploads\/2020\/01\/07-LVST-TRANSFERT.pdf\" target=\"_blank\" rel=\"noopener noreferrer\">Scarica la brochure<\/a><\/div><\/td>\n<td style=\"width: 10%;\" align=\"center\"><\/td>\n<\/tr>\n<\/tbody>\n<\/table>\n","protected":false},"excerpt":{"rendered":"<p>Filtro a depressione di liquido Liquid Vacuum Sandwich Tube Filtro a depressione di liquido con pannello filtrante permanente in regime capillare dalle seguenti caratteristiche: Portata da 100 a 60.000 l\/min. Grado di filtraggio in accordo alla classe 2 \u00f7 12 della nostra tabella ST-1584. Mezzo filtrante permanente con pannello tridimensionale fisso e permanente (Brevetto n\u00b0 [&hellip;]<\/p>\n","protected":false},"author":3,"featured_media":1820,"parent":0,"menu_order":0,"comment_status":"closed","ping_status":"closed","template":"","meta":{"ngg_post_thumbnail":0,"footnotes":""},"class_list":["post-498","page","type-page","status-publish","has-post-thumbnail","hentry"],"yoast_head":"<!-- This site is optimized with the Yoast SEO plugin v27.4 - https:\/\/yoast.com\/product\/yoast-seo-wordpress\/ -->\n<title>Liquid Vacuum Sandwich Tube &#8226; W.M.T. - Water and Mechanical Technology s.r.l.<\/title>\n<meta name=\"description\" content=\"Il sistema Liquid-Vacuum Sandwich Tube \u00e8 la logica prosecuzione dello sviluppo introdotto dal suo predecessore, il Liquid Vacuum Sandwich Panel.\" \/>\n<meta name=\"robots\" content=\"index, follow, max-snippet:-1, max-image-preview:large, max-video-preview:-1\" \/>\n<link rel=\"canonical\" href=\"http:\/\/www.wmt.it\/index.php\/liquid-vacuum-sandwich-tube\/\" \/>\n<meta property=\"og:locale\" content=\"it_IT\" \/>\n<meta property=\"og:type\" content=\"article\" \/>\n<meta property=\"og:title\" content=\"Liquid Vacuum Sandwich Tube &#8226; W.M.T. - Water and Mechanical Technology s.r.l.\" \/>\n<meta property=\"og:description\" content=\"Il sistema Liquid-Vacuum Sandwich Tube \u00e8 la logica prosecuzione dello sviluppo introdotto dal suo predecessore, il Liquid Vacuum Sandwich Panel.\" \/>\n<meta property=\"og:url\" content=\"http:\/\/www.wmt.it\/index.php\/liquid-vacuum-sandwich-tube\/\" \/>\n<meta property=\"og:site_name\" content=\"W.M.T. - Water and Mechanical Technology s.r.l.\" \/>\n<meta property=\"article:publisher\" content=\"https:\/\/www.facebook.com\/pages\/WMT\/523330841079249?eid=ARBCva1bxbHrIwpLi2jUbikM5NzJrQOywcEqrkgUjYQ_m59R20SghP76Um2Ffw8jsoHFxRwr_28Y5a6v\" \/>\n<meta property=\"article:modified_time\" content=\"2020-01-28T08:27:42+00:00\" \/>\n<meta property=\"og:image\" content=\"http:\/\/www.wmt.it\/wp-content\/uploads\/2019\/12\/tubi-ww-scaled-e1576835485480.jpg\" \/>\n\t<meta property=\"og:image:width\" content=\"1920\" \/>\n\t<meta property=\"og:image:height\" content=\"601\" \/>\n\t<meta property=\"og:image:type\" content=\"image\/jpeg\" \/>\n<meta name=\"twitter:card\" content=\"summary_large_image\" \/>\n<meta name=\"twitter:label1\" content=\"Tempo di lettura stimato\" \/>\n\t<meta name=\"twitter:data1\" content=\"2 minuti\" \/>\n<script type=\"application\/ld+json\" class=\"yoast-schema-graph\">{\"@context\":\"https:\\\/\\\/schema.org\",\"@graph\":[{\"@type\":\"WebPage\",\"@id\":\"http:\\\/\\\/www.wmt.it\\\/index.php\\\/liquid-vacuum-sandwich-tube\\\/\",\"url\":\"http:\\\/\\\/www.wmt.it\\\/index.php\\\/liquid-vacuum-sandwich-tube\\\/\",\"name\":\"Liquid Vacuum Sandwich Tube &#8226; W.M.T. - Water and Mechanical Technology s.r.l.\",\"isPartOf\":{\"@id\":\"http:\\\/\\\/www.wmt.it\\\/#website\"},\"primaryImageOfPage\":{\"@id\":\"http:\\\/\\\/www.wmt.it\\\/index.php\\\/liquid-vacuum-sandwich-tube\\\/#primaryimage\"},\"image\":{\"@id\":\"http:\\\/\\\/www.wmt.it\\\/index.php\\\/liquid-vacuum-sandwich-tube\\\/#primaryimage\"},\"thumbnailUrl\":\"http:\\\/\\\/www.wmt.it\\\/wp-content\\\/uploads\\\/2019\\\/12\\\/tubi-ww-scaled-e1576835485480.jpg\",\"datePublished\":\"2019-12-03T09:23:29+00:00\",\"dateModified\":\"2020-01-28T08:27:42+00:00\",\"description\":\"Il sistema Liquid-Vacuum Sandwich Tube \u00e8 la logica prosecuzione dello sviluppo introdotto dal suo predecessore, il Liquid Vacuum Sandwich Panel.\",\"breadcrumb\":{\"@id\":\"http:\\\/\\\/www.wmt.it\\\/index.php\\\/liquid-vacuum-sandwich-tube\\\/#breadcrumb\"},\"inLanguage\":\"it-IT\",\"potentialAction\":[{\"@type\":\"ReadAction\",\"target\":[\"http:\\\/\\\/www.wmt.it\\\/index.php\\\/liquid-vacuum-sandwich-tube\\\/\"]}]},{\"@type\":\"ImageObject\",\"inLanguage\":\"it-IT\",\"@id\":\"http:\\\/\\\/www.wmt.it\\\/index.php\\\/liquid-vacuum-sandwich-tube\\\/#primaryimage\",\"url\":\"http:\\\/\\\/www.wmt.it\\\/wp-content\\\/uploads\\\/2019\\\/12\\\/tubi-ww-scaled-e1576835485480.jpg\",\"contentUrl\":\"http:\\\/\\\/www.wmt.it\\\/wp-content\\\/uploads\\\/2019\\\/12\\\/tubi-ww-scaled-e1576835485480.jpg\",\"width\":1920,\"height\":601},{\"@type\":\"BreadcrumbList\",\"@id\":\"http:\\\/\\\/www.wmt.it\\\/index.php\\\/liquid-vacuum-sandwich-tube\\\/#breadcrumb\",\"itemListElement\":[{\"@type\":\"ListItem\",\"position\":1,\"name\":\"Home\",\"item\":\"http:\\\/\\\/www.wmt.it\\\/index.php\\\/en\\\/wmt-home\\\/\"},{\"@type\":\"ListItem\",\"position\":2,\"name\":\"Liquid Vacuum Sandwich Tube\"}]},{\"@type\":\"WebSite\",\"@id\":\"http:\\\/\\\/www.wmt.it\\\/#website\",\"url\":\"http:\\\/\\\/www.wmt.it\\\/\",\"name\":\"W.M.T. - Water and Mechanical Technology s.r.l.\",\"description\":\"ENGINEERING AND FILTERING SYSTEM, PURE WITH PROFIT\",\"publisher\":{\"@id\":\"http:\\\/\\\/www.wmt.it\\\/#organization\"},\"potentialAction\":[{\"@type\":\"SearchAction\",\"target\":{\"@type\":\"EntryPoint\",\"urlTemplate\":\"http:\\\/\\\/www.wmt.it\\\/?s={search_term_string}\"},\"query-input\":{\"@type\":\"PropertyValueSpecification\",\"valueRequired\":true,\"valueName\":\"search_term_string\"}}],\"inLanguage\":\"it-IT\"},{\"@type\":\"Organization\",\"@id\":\"http:\\\/\\\/www.wmt.it\\\/#organization\",\"name\":\"W.M.T. - Water and Mechanical Technology s.r.l.\",\"url\":\"http:\\\/\\\/www.wmt.it\\\/\",\"logo\":{\"@type\":\"ImageObject\",\"inLanguage\":\"it-IT\",\"@id\":\"http:\\\/\\\/www.wmt.it\\\/#\\\/schema\\\/logo\\\/image\\\/\",\"url\":\"http:\\\/\\\/www.wmt.it\\\/wp-content\\\/uploads\\\/2019\\\/12\\\/logo_wmt_blu_512x512.jpg\",\"contentUrl\":\"http:\\\/\\\/www.wmt.it\\\/wp-content\\\/uploads\\\/2019\\\/12\\\/logo_wmt_blu_512x512.jpg\",\"width\":512,\"height\":512,\"caption\":\"W.M.T. - Water and Mechanical Technology s.r.l.\"},\"image\":{\"@id\":\"http:\\\/\\\/www.wmt.it\\\/#\\\/schema\\\/logo\\\/image\\\/\"},\"sameAs\":[\"https:\\\/\\\/www.facebook.com\\\/pages\\\/WMT\\\/523330841079249?eid=ARBCva1bxbHrIwpLi2jUbikM5NzJrQOywcEqrkgUjYQ_m59R20SghP76Um2Ffw8jsoHFxRwr_28Y5a6v\",\"https:\\\/\\\/www.google.com\\\/maps\\\/place\\\/W.M.T.+-+Water+and+Mechanical+Technology+s.r.l.\\\/@45.538948,9.1806583,17z\\\/data=!3m1!4b1!4m5!3m4!1s0x4786bf60c912a84b:0xfc12749d2f8ea14a!8m2!3d45.538948!4d9.182847\",\"https:\\\/\\\/www.linkedin.com\\\/company\\\/2059941\"]}]}<\/script>\n<!-- \/ Yoast SEO plugin. -->","yoast_head_json":{"title":"Liquid Vacuum Sandwich Tube &#8226; W.M.T. - Water and Mechanical Technology s.r.l.","description":"Il sistema Liquid-Vacuum Sandwich Tube \u00e8 la logica prosecuzione dello sviluppo introdotto dal suo predecessore, il Liquid Vacuum Sandwich Panel.","robots":{"index":"index","follow":"follow","max-snippet":"max-snippet:-1","max-image-preview":"max-image-preview:large","max-video-preview":"max-video-preview:-1"},"canonical":"http:\/\/www.wmt.it\/index.php\/liquid-vacuum-sandwich-tube\/","og_locale":"it_IT","og_type":"article","og_title":"Liquid Vacuum Sandwich Tube &#8226; W.M.T. - Water and Mechanical Technology s.r.l.","og_description":"Il sistema Liquid-Vacuum Sandwich Tube \u00e8 la logica prosecuzione dello sviluppo introdotto dal suo predecessore, il Liquid Vacuum Sandwich Panel.","og_url":"http:\/\/www.wmt.it\/index.php\/liquid-vacuum-sandwich-tube\/","og_site_name":"W.M.T. - Water and Mechanical Technology s.r.l.","article_publisher":"https:\/\/www.facebook.com\/pages\/WMT\/523330841079249?eid=ARBCva1bxbHrIwpLi2jUbikM5NzJrQOywcEqrkgUjYQ_m59R20SghP76Um2Ffw8jsoHFxRwr_28Y5a6v","article_modified_time":"2020-01-28T08:27:42+00:00","og_image":[{"width":1920,"height":601,"url":"http:\/\/www.wmt.it\/wp-content\/uploads\/2019\/12\/tubi-ww-scaled-e1576835485480.jpg","type":"image\/jpeg"}],"twitter_card":"summary_large_image","twitter_misc":{"Tempo di lettura stimato":"2 minuti"},"schema":{"@context":"https:\/\/schema.org","@graph":[{"@type":"WebPage","@id":"http:\/\/www.wmt.it\/index.php\/liquid-vacuum-sandwich-tube\/","url":"http:\/\/www.wmt.it\/index.php\/liquid-vacuum-sandwich-tube\/","name":"Liquid Vacuum Sandwich Tube &#8226; W.M.T. - Water and Mechanical Technology s.r.l.","isPartOf":{"@id":"http:\/\/www.wmt.it\/#website"},"primaryImageOfPage":{"@id":"http:\/\/www.wmt.it\/index.php\/liquid-vacuum-sandwich-tube\/#primaryimage"},"image":{"@id":"http:\/\/www.wmt.it\/index.php\/liquid-vacuum-sandwich-tube\/#primaryimage"},"thumbnailUrl":"http:\/\/www.wmt.it\/wp-content\/uploads\/2019\/12\/tubi-ww-scaled-e1576835485480.jpg","datePublished":"2019-12-03T09:23:29+00:00","dateModified":"2020-01-28T08:27:42+00:00","description":"Il sistema Liquid-Vacuum Sandwich Tube \u00e8 la logica prosecuzione dello sviluppo introdotto dal suo predecessore, il Liquid Vacuum Sandwich Panel.","breadcrumb":{"@id":"http:\/\/www.wmt.it\/index.php\/liquid-vacuum-sandwich-tube\/#breadcrumb"},"inLanguage":"it-IT","potentialAction":[{"@type":"ReadAction","target":["http:\/\/www.wmt.it\/index.php\/liquid-vacuum-sandwich-tube\/"]}]},{"@type":"ImageObject","inLanguage":"it-IT","@id":"http:\/\/www.wmt.it\/index.php\/liquid-vacuum-sandwich-tube\/#primaryimage","url":"http:\/\/www.wmt.it\/wp-content\/uploads\/2019\/12\/tubi-ww-scaled-e1576835485480.jpg","contentUrl":"http:\/\/www.wmt.it\/wp-content\/uploads\/2019\/12\/tubi-ww-scaled-e1576835485480.jpg","width":1920,"height":601},{"@type":"BreadcrumbList","@id":"http:\/\/www.wmt.it\/index.php\/liquid-vacuum-sandwich-tube\/#breadcrumb","itemListElement":[{"@type":"ListItem","position":1,"name":"Home","item":"http:\/\/www.wmt.it\/index.php\/en\/wmt-home\/"},{"@type":"ListItem","position":2,"name":"Liquid Vacuum Sandwich Tube"}]},{"@type":"WebSite","@id":"http:\/\/www.wmt.it\/#website","url":"http:\/\/www.wmt.it\/","name":"W.M.T. - Water and Mechanical Technology s.r.l.","description":"ENGINEERING AND FILTERING SYSTEM, PURE WITH PROFIT","publisher":{"@id":"http:\/\/www.wmt.it\/#organization"},"potentialAction":[{"@type":"SearchAction","target":{"@type":"EntryPoint","urlTemplate":"http:\/\/www.wmt.it\/?s={search_term_string}"},"query-input":{"@type":"PropertyValueSpecification","valueRequired":true,"valueName":"search_term_string"}}],"inLanguage":"it-IT"},{"@type":"Organization","@id":"http:\/\/www.wmt.it\/#organization","name":"W.M.T. - Water and Mechanical Technology s.r.l.","url":"http:\/\/www.wmt.it\/","logo":{"@type":"ImageObject","inLanguage":"it-IT","@id":"http:\/\/www.wmt.it\/#\/schema\/logo\/image\/","url":"http:\/\/www.wmt.it\/wp-content\/uploads\/2019\/12\/logo_wmt_blu_512x512.jpg","contentUrl":"http:\/\/www.wmt.it\/wp-content\/uploads\/2019\/12\/logo_wmt_blu_512x512.jpg","width":512,"height":512,"caption":"W.M.T. - Water and Mechanical Technology s.r.l."},"image":{"@id":"http:\/\/www.wmt.it\/#\/schema\/logo\/image\/"},"sameAs":["https:\/\/www.facebook.com\/pages\/WMT\/523330841079249?eid=ARBCva1bxbHrIwpLi2jUbikM5NzJrQOywcEqrkgUjYQ_m59R20SghP76Um2Ffw8jsoHFxRwr_28Y5a6v","https:\/\/www.google.com\/maps\/place\/W.M.T.+-+Water+and+Mechanical+Technology+s.r.l.\/@45.538948,9.1806583,17z\/data=!3m1!4b1!4m5!3m4!1s0x4786bf60c912a84b:0xfc12749d2f8ea14a!8m2!3d45.538948!4d9.182847","https:\/\/www.linkedin.com\/company\/2059941"]}]}},"_links":{"self":[{"href":"http:\/\/www.wmt.it\/index.php\/wp-json\/wp\/v2\/pages\/498","targetHints":{"allow":["GET"]}}],"collection":[{"href":"http:\/\/www.wmt.it\/index.php\/wp-json\/wp\/v2\/pages"}],"about":[{"href":"http:\/\/www.wmt.it\/index.php\/wp-json\/wp\/v2\/types\/page"}],"author":[{"embeddable":true,"href":"http:\/\/www.wmt.it\/index.php\/wp-json\/wp\/v2\/users\/3"}],"replies":[{"embeddable":true,"href":"http:\/\/www.wmt.it\/index.php\/wp-json\/wp\/v2\/comments?post=498"}],"version-history":[{"count":9,"href":"http:\/\/www.wmt.it\/index.php\/wp-json\/wp\/v2\/pages\/498\/revisions"}],"predecessor-version":[{"id":2821,"href":"http:\/\/www.wmt.it\/index.php\/wp-json\/wp\/v2\/pages\/498\/revisions\/2821"}],"wp:featuredmedia":[{"embeddable":true,"href":"http:\/\/www.wmt.it\/index.php\/wp-json\/wp\/v2\/media\/1820"}],"wp:attachment":[{"href":"http:\/\/www.wmt.it\/index.php\/wp-json\/wp\/v2\/media?parent=498"}],"curies":[{"name":"wp","href":"https:\/\/api.w.org\/{rel}","templated":true}]}}