{"id":514,"date":"2019-12-03T10:58:26","date_gmt":"2019-12-03T09:58:26","guid":{"rendered":"http:\/\/www2.wmt.it\/?page_id=514"},"modified":"2019-12-20T10:41:28","modified_gmt":"2019-12-20T09:41:28","slug":"informations-legales","status":"publish","type":"page","link":"http:\/\/www.wmt.it\/index.php\/fr\/informations-legales\/","title":{"rendered":"Informations l\u00e9gales"},"content":{"rendered":"\n<h3 class=\"wp-block-heading\">Termes et conditions d&#8217;utilisation<\/h3>\n\n\n\n<p>Le site web <a href=\"http:\/\/www.wmt.it\/\"><strong>wmt.it<\/strong><\/a> est un service d\u2019information en ligne fourni par <strong>W.M.T. &#8211; Water and Mechanical Technology s.r.l.<\/strong> Son utilisation est soumise \u00e0 l&#8217;acceptation des termes et conditions \u00e9nonc\u00e9s ci-dessous. Si vous n&#8217;avez pas l&#8217;intention de l&#8217;accepter, il vous est conseill\u00e9 de ne pas utiliser le site web et de ne t\u00e9l\u00e9charger aucun mat\u00e9riel \u00e0 partir de celui-ci.<\/p>\n\n\n\n<h3 class=\"wp-block-heading\">Limites d&#8217;utilisation<\/h3>\n\n\n\n<p>Le contenu des pages du site <strong><a href=\"http:\/\/www.wmt.it\/\"><strong>wmt.it<\/strong><\/a><\/strong>\nest la propri\u00e9t\u00e9 exclusive de <strong>W.M.T. &#8211; Water and Mechanical\nTechnology s.r.l.<\/strong> Tous droits r\u00e9serv\u00e9s. Le contenu des\npages du site <strong><a href=\"http:\/\/www.wmt.it\/\"><strong>wmt.it<\/strong><\/a><\/strong>\nne peut pas \u00eatre copi\u00e9, reproduit, transf\u00e9r\u00e9, t\u00e9l\u00e9charg\u00e9,\npubli\u00e9 ou distribu\u00e9 de quelque fa\u00e7on que ce soit, en tout ou en\npartie, sans l&#8217;autorisation \u00e9crite pr\u00e9alable de <strong>W.M.T. &#8211;\nWater and Mechanical Technology s.r.l.<\/strong>, sans pr\u00e9judice de\nla possibilit\u00e9 de les stocker sur votre ordinateur ou d\u2019imprimer\ndes extraits des pages de ce site uniquement \u00e0 des fins\npersonnelles.<\/p>\n\n\n\n<p>Sauf indication contraire, les\nmarques de commerce et les logos qui apparaissent sur ce site sont\npubli\u00e9s avec l&#8217;autorisation de <strong>W.M.T. &#8211; Water and Mechanical\nTechnology s.r.l.<\/strong> et ses filiales.<\/p>\n\n\n\n<h3 class=\"wp-block-heading\">Limite de responsabilit\u00e9<\/h3>\n\n\n\n<p>Les informations figurant sur ce site sont fournies de bonne foi et par <strong>W.M.T. &#8211; Water and Mechanical Technology s.r.l.<\/strong> le consid\u00e8re comme exact. En tout \u00e9tat de cause, toute personne souhaitant acheter des produits ne doit pas s\u2019appuyer sur ces informations mais doit en outre v\u00e9rifier la nature r\u00e9elle des produits et leur ad\u00e9quation concr\u00e8te \u00e0 l\u2019utilisation envisag\u00e9e. Par cons\u00e9quent, toutes les informations sur ce site sont fournies sans aucune garantie, implicite ou explicite, de quelque nature que ce soit, telles que par exemple, la qualit\u00e9 du produit, l&#8217;ad\u00e9quation \u00e0 un usage sp\u00e9cifique ou la non-violation des droits de propri\u00e9t\u00e9 intellectuelle. En aucun cas, <strong>W.M.T. &#8211; Water and Mechanical Technology s.r.l.<\/strong> peut \u00eatre tenu pour responsable de tout dommage, direct ou indirect, caus\u00e9 par l&#8217;utilisation de ce site.<\/p>\n\n\n\n<p>Les informations contenues sur ce\nsite peuvent \u00eatre techniquement inexactes ou entach\u00e9es d&#8217;erreurs\ntypographiques. Les informations peuvent \u00eatre modifi\u00e9es ou mises \u00e0\njour sans pr\u00e9avis. <strong>W.M.T. &#8211; Water and Mechanical Technology\ns.r.l.<\/strong> peut \u00e9galement am\u00e9liorer ou modifier les produits\nd\u00e9crits sur ce site, sans pr\u00e9avis.<\/p>\n\n\n\n<h3 class=\"wp-block-heading\">Lien<\/h3>\n\n\n\n<p><strong>W.M.T. &#8211; Water and Mechanical\nTechnology s.r.l.<\/strong> n&#8217;assume aucune responsabilit\u00e9 pour les\ndocuments cr\u00e9\u00e9s ou publi\u00e9s par des tiers avec lesquels le site web\n<a href=\"http:\/\/www.wmt.it\/\"><strong>wmt.it<\/strong><\/a>\ncontient un lien. Ceux qui d\u00e9cident de visiter un site Internet\nconnect\u00e9 au site web <a href=\"http:\/\/www.wmt.it\/\"><strong>wmt.it<\/strong><\/a>\nle font \u00e0 leurs risques et p\u00e9rils, en prenant le fardeau de prendre\ntoutes les mesures n\u00e9cessaires contre les virus ou d\u2019autres\n\u00e9l\u00e9ments destructeurs. La connexion avec d&#8217;autres sites n&#8217;implique\npas que <strong>W.M.T. &#8211; Water and Mechanical Technology s.r.l.<\/strong>\nsponsors ou est affili\u00e9 aux entit\u00e9s qui fournissent les services\nd\u00e9crits sur ces sites.<\/p>\n\n\n\n<h3 class=\"wp-block-heading\"><strong>Informations\nre\u00e7ues par W.M.T.<\/strong><strong> &#8211; Water and Mechanical\nTechnology s.r.l.<\/strong><\/h3>\n\n\n\n<p>Tout mat\u00e9riel envoy\u00e9 \u00e0 <strong>W.M.T.\n&#8211; Water and Mechanical Technology s.r.l.<\/strong>, par exemple par\ne-mail ou via les pages du World Wide Web, seront consid\u00e9r\u00e9es comme\nnon confidentielles. <strong>W.M.T. &#8211; Water and Mechanical Technology\ns.r.l.<\/strong> n&#8217;aura aucune obligation de quelque nature que ce\nsoit \u00e0 l&#8217;\u00e9gard de ce mat\u00e9riel et sera libre de le reproduire, de\nl&#8217;utiliser, de le r\u00e9v\u00e9ler, de le montrer, de le transformer, de en\nfaire des \u0153uvres d\u00e9riv\u00e9es et de le distribuer \u00e0 des tiers, sans\nlimites.<\/p>\n\n\n\n<p>De plus, <strong>W.M.T. &#8211; Water and\nMechanical Technology s.r.l.<\/strong> sera libre d&#8217;utiliser toutes\nles id\u00e9es, concepts, savoir-faire ou connaissances techniques\ncontenus dans ce mat\u00e9riel, pour n&#8217;importe quel but, y compris, sans\ns&#8217;y limiter, le d\u00e9veloppement, la production et la commercialisation\nde produits utilisant ce mat\u00e9riel.<\/p>\n\n\n\n<p>Toute personne envoyant du mat\u00e9riel\ngarantit qu\u2019elle est publiable et accepte d\u2019\u00eatre titulaire de la\nlettre <strong>W.M.T. &#8211; Water and Mechanical Technology s.r.l.<\/strong>\nde toute action de tiers en relation avec ce mat\u00e9riel.<\/p>\n\n\n\n<h3 class=\"wp-block-heading\">Cookies<\/h3>\n\n\n\n<p>Un &#8220;cookie&#8221; (c\u2019est-\u00e0-dire\nun petit fichier de donn\u00e9es que certains sites web, tout en\nvisitant, peuvent envoyer \u00e0 l\u2019adresse du visiteur) peut se trouver\nquelque part sur le site web <strong><a href=\"http:\/\/www.wmt.it\/\"><strong>wmt.it<\/strong><\/a><\/strong>,\nafin de suivre le parcours du visiteur sur le site web. Si vous\npr\u00e9f\u00e9rez ne pas recevoir de cookies, vous pouvez configurer votre\nnavigateur de sorte qu&#8217;il vous avertisse de la pr\u00e9sence d&#8217;un cookie\net d\u00e9cide par cons\u00e9quent de l&#8217;accepter ou non. Vous pouvez\n\u00e9galement refuser automatiquement tous les cookies en activant\nl&#8217;option appropri\u00e9e dans le navigateur.<\/p>\n\n\n\n<p>Pour <strong>plus de d\u00e9tails<\/strong> sur l\u2019utilisation des <strong>Cookies<\/strong> par ce site web, veuillez consulter la page consacr\u00e9e \u00e0 la <strong><a href=\"http:\/\/www2.wmt.it\/index.php\/fr\/politique-concernant-lutilisation-des-cookies\/\" target=\"_blank\" rel=\"noreferrer noopener\" aria-label=\" (apre in una nuova scheda)\">Politique concernant l\u2019utilisation des cookies<\/a><\/strong>.<\/p>\n\n\n\n<h3 class=\"wp-block-heading\">Loi et juridiction<\/h3>\n\n\n\n<p>Ces conditions sont r\u00e9gies par la loi italienne. Le tribunal de Milan, en Italie, aura comp\u00e9tence exclusive pour tout litige li\u00e9 \u00e0 ces conditions. N\u00e9anmoins, <strong>W.M.T. &#8211; Water and Mechanical Technology s.r.l.<\/strong> se r\u00e9serve le droit, s&#8217;il le juge n\u00e9cessaire, de pouvoir intenter des actions en justice devant des tribunaux de pays ou de villes autres que l&#8217;Italie ou Milan, de prot\u00e9ger leurs int\u00e9r\u00eats et de faire respecter leurs droits.<\/p>\n","protected":false},"excerpt":{"rendered":"<p>Termes et conditions d&#8217;utilisation Le site web wmt.it est un service d\u2019information en ligne fourni par W.M.T. &#8211; Water and Mechanical Technology s.r.l. Son utilisation est soumise \u00e0 l&#8217;acceptation des termes et conditions \u00e9nonc\u00e9s ci-dessous. Si vous n&#8217;avez pas l&#8217;intention de l&#8217;accepter, il vous est conseill\u00e9 de ne pas utiliser le site web et de [&hellip;]<\/p>\n","protected":false},"author":1,"featured_media":1728,"parent":0,"menu_order":0,"comment_status":"closed","ping_status":"closed","template":"","meta":{"ngg_post_thumbnail":0,"footnotes":""},"class_list":["post-514","page","type-page","status-publish","has-post-thumbnail","hentry"],"yoast_head":"<!-- This site is optimized with the Yoast SEO plugin v27.3 - https:\/\/yoast.com\/product\/yoast-seo-wordpress\/ -->\n<title>Informations l\u00e9gales &#8226; W.M.T. - Water and Mechanical Technology s.r.l.<\/title>\n<meta name=\"robots\" content=\"index, follow, max-snippet:-1, max-image-preview:large, max-video-preview:-1\" \/>\n<link rel=\"canonical\" href=\"http:\/\/www.wmt.it\/index.php\/fr\/informations-legales\/\" \/>\n<meta property=\"og:locale\" content=\"it_IT\" \/>\n<meta property=\"og:type\" content=\"article\" \/>\n<meta property=\"og:title\" content=\"Informations l\u00e9gales &#8226; W.M.T. - Water and Mechanical Technology s.r.l.\" \/>\n<meta property=\"og:description\" content=\"Termes et conditions d&#8217;utilisation Le site web wmt.it est un service d\u2019information en ligne fourni par W.M.T. &#8211; Water and Mechanical Technology s.r.l. Son utilisation est soumise \u00e0 l&#8217;acceptation des termes et conditions \u00e9nonc\u00e9s ci-dessous. Si vous n&#8217;avez pas l&#8217;intention de l&#8217;accepter, il vous est conseill\u00e9 de ne pas utiliser le site web et de [&hellip;]\" \/>\n<meta property=\"og:url\" content=\"http:\/\/www.wmt.it\/index.php\/fr\/informations-legales\/\" \/>\n<meta property=\"og:site_name\" content=\"W.M.T. - Water and Mechanical Technology s.r.l.\" \/>\n<meta property=\"article:publisher\" content=\"https:\/\/www.facebook.com\/pages\/WMT\/523330841079249?eid=ARBCva1bxbHrIwpLi2jUbikM5NzJrQOywcEqrkgUjYQ_m59R20SghP76Um2Ffw8jsoHFxRwr_28Y5a6v\" \/>\n<meta property=\"article:modified_time\" content=\"2019-12-20T09:41:28+00:00\" \/>\n<meta property=\"og:image\" content=\"http:\/\/www.wmt.it\/wp-content\/uploads\/2019\/12\/Contatti.1-e1576661536686.jpg\" \/>\n\t<meta property=\"og:image:width\" content=\"2560\" \/>\n\t<meta property=\"og:image:height\" content=\"800\" \/>\n\t<meta property=\"og:image:type\" content=\"image\/jpeg\" \/>\n<meta name=\"twitter:card\" content=\"summary_large_image\" \/>\n<meta name=\"twitter:label1\" content=\"Tempo di lettura stimato\" \/>\n\t<meta name=\"twitter:data1\" content=\"5 minuti\" \/>\n<script type=\"application\/ld+json\" class=\"yoast-schema-graph\">{\"@context\":\"https:\\\/\\\/schema.org\",\"@graph\":[{\"@type\":\"WebPage\",\"@id\":\"http:\\\/\\\/www.wmt.it\\\/index.php\\\/fr\\\/informations-legales\\\/\",\"url\":\"http:\\\/\\\/www.wmt.it\\\/index.php\\\/fr\\\/informations-legales\\\/\",\"name\":\"Informations l\u00e9gales &#8226; W.M.T. - Water and Mechanical Technology s.r.l.\",\"isPartOf\":{\"@id\":\"http:\\\/\\\/www.wmt.it\\\/#website\"},\"primaryImageOfPage\":{\"@id\":\"http:\\\/\\\/www.wmt.it\\\/index.php\\\/fr\\\/informations-legales\\\/#primaryimage\"},\"image\":{\"@id\":\"http:\\\/\\\/www.wmt.it\\\/index.php\\\/fr\\\/informations-legales\\\/#primaryimage\"},\"thumbnailUrl\":\"http:\\\/\\\/www.wmt.it\\\/wp-content\\\/uploads\\\/2019\\\/12\\\/Contatti.1-e1576661536686.jpg\",\"datePublished\":\"2019-12-03T09:58:26+00:00\",\"dateModified\":\"2019-12-20T09:41:28+00:00\",\"breadcrumb\":{\"@id\":\"http:\\\/\\\/www.wmt.it\\\/index.php\\\/fr\\\/informations-legales\\\/#breadcrumb\"},\"inLanguage\":\"it-IT\",\"potentialAction\":[{\"@type\":\"ReadAction\",\"target\":[\"http:\\\/\\\/www.wmt.it\\\/index.php\\\/fr\\\/informations-legales\\\/\"]}]},{\"@type\":\"ImageObject\",\"inLanguage\":\"it-IT\",\"@id\":\"http:\\\/\\\/www.wmt.it\\\/index.php\\\/fr\\\/informations-legales\\\/#primaryimage\",\"url\":\"http:\\\/\\\/www.wmt.it\\\/wp-content\\\/uploads\\\/2019\\\/12\\\/Contatti.1-e1576661536686.jpg\",\"contentUrl\":\"http:\\\/\\\/www.wmt.it\\\/wp-content\\\/uploads\\\/2019\\\/12\\\/Contatti.1-e1576661536686.jpg\",\"width\":2560,\"height\":800},{\"@type\":\"BreadcrumbList\",\"@id\":\"http:\\\/\\\/www.wmt.it\\\/index.php\\\/fr\\\/informations-legales\\\/#breadcrumb\",\"itemListElement\":[{\"@type\":\"ListItem\",\"position\":1,\"name\":\"Home\",\"item\":\"http:\\\/\\\/www.wmt.it\\\/index.php\\\/en\\\/wmt-home\\\/\"},{\"@type\":\"ListItem\",\"position\":2,\"name\":\"Informations l\u00e9gales\"}]},{\"@type\":\"WebSite\",\"@id\":\"http:\\\/\\\/www.wmt.it\\\/#website\",\"url\":\"http:\\\/\\\/www.wmt.it\\\/\",\"name\":\"W.M.T. - Water and Mechanical Technology s.r.l.\",\"description\":\"ENGINEERING AND FILTERING SYSTEM, PURE WITH PROFIT\",\"publisher\":{\"@id\":\"http:\\\/\\\/www.wmt.it\\\/#organization\"},\"potentialAction\":[{\"@type\":\"SearchAction\",\"target\":{\"@type\":\"EntryPoint\",\"urlTemplate\":\"http:\\\/\\\/www.wmt.it\\\/?s={search_term_string}\"},\"query-input\":{\"@type\":\"PropertyValueSpecification\",\"valueRequired\":true,\"valueName\":\"search_term_string\"}}],\"inLanguage\":\"it-IT\"},{\"@type\":\"Organization\",\"@id\":\"http:\\\/\\\/www.wmt.it\\\/#organization\",\"name\":\"W.M.T. - Water and Mechanical Technology s.r.l.\",\"url\":\"http:\\\/\\\/www.wmt.it\\\/\",\"logo\":{\"@type\":\"ImageObject\",\"inLanguage\":\"it-IT\",\"@id\":\"http:\\\/\\\/www.wmt.it\\\/#\\\/schema\\\/logo\\\/image\\\/\",\"url\":\"http:\\\/\\\/www.wmt.it\\\/wp-content\\\/uploads\\\/2019\\\/12\\\/logo_wmt_blu_512x512.jpg\",\"contentUrl\":\"http:\\\/\\\/www.wmt.it\\\/wp-content\\\/uploads\\\/2019\\\/12\\\/logo_wmt_blu_512x512.jpg\",\"width\":512,\"height\":512,\"caption\":\"W.M.T. - Water and Mechanical Technology s.r.l.\"},\"image\":{\"@id\":\"http:\\\/\\\/www.wmt.it\\\/#\\\/schema\\\/logo\\\/image\\\/\"},\"sameAs\":[\"https:\\\/\\\/www.facebook.com\\\/pages\\\/WMT\\\/523330841079249?eid=ARBCva1bxbHrIwpLi2jUbikM5NzJrQOywcEqrkgUjYQ_m59R20SghP76Um2Ffw8jsoHFxRwr_28Y5a6v\",\"https:\\\/\\\/www.google.com\\\/maps\\\/place\\\/W.M.T.+-+Water+and+Mechanical+Technology+s.r.l.\\\/@45.538948,9.1806583,17z\\\/data=!3m1!4b1!4m5!3m4!1s0x4786bf60c912a84b:0xfc12749d2f8ea14a!8m2!3d45.538948!4d9.182847\",\"https:\\\/\\\/www.linkedin.com\\\/company\\\/2059941\"]}]}<\/script>\n<!-- \/ Yoast SEO plugin. -->","yoast_head_json":{"title":"Informations l\u00e9gales &#8226; W.M.T. - Water and Mechanical Technology s.r.l.","robots":{"index":"index","follow":"follow","max-snippet":"max-snippet:-1","max-image-preview":"max-image-preview:large","max-video-preview":"max-video-preview:-1"},"canonical":"http:\/\/www.wmt.it\/index.php\/fr\/informations-legales\/","og_locale":"it_IT","og_type":"article","og_title":"Informations l\u00e9gales &#8226; W.M.T. - Water and Mechanical Technology s.r.l.","og_description":"Termes et conditions d&#8217;utilisation Le site web wmt.it est un service d\u2019information en ligne fourni par W.M.T. &#8211; Water and Mechanical Technology s.r.l. Son utilisation est soumise \u00e0 l&#8217;acceptation des termes et conditions \u00e9nonc\u00e9s ci-dessous. Si vous n&#8217;avez pas l&#8217;intention de l&#8217;accepter, il vous est conseill\u00e9 de ne pas utiliser le site web et de [&hellip;]","og_url":"http:\/\/www.wmt.it\/index.php\/fr\/informations-legales\/","og_site_name":"W.M.T. - Water and Mechanical Technology s.r.l.","article_publisher":"https:\/\/www.facebook.com\/pages\/WMT\/523330841079249?eid=ARBCva1bxbHrIwpLi2jUbikM5NzJrQOywcEqrkgUjYQ_m59R20SghP76Um2Ffw8jsoHFxRwr_28Y5a6v","article_modified_time":"2019-12-20T09:41:28+00:00","og_image":[{"width":2560,"height":800,"url":"http:\/\/www.wmt.it\/wp-content\/uploads\/2019\/12\/Contatti.1-e1576661536686.jpg","type":"image\/jpeg"}],"twitter_card":"summary_large_image","twitter_misc":{"Tempo di lettura stimato":"5 minuti"},"schema":{"@context":"https:\/\/schema.org","@graph":[{"@type":"WebPage","@id":"http:\/\/www.wmt.it\/index.php\/fr\/informations-legales\/","url":"http:\/\/www.wmt.it\/index.php\/fr\/informations-legales\/","name":"Informations l\u00e9gales &#8226; W.M.T. - Water and Mechanical Technology s.r.l.","isPartOf":{"@id":"http:\/\/www.wmt.it\/#website"},"primaryImageOfPage":{"@id":"http:\/\/www.wmt.it\/index.php\/fr\/informations-legales\/#primaryimage"},"image":{"@id":"http:\/\/www.wmt.it\/index.php\/fr\/informations-legales\/#primaryimage"},"thumbnailUrl":"http:\/\/www.wmt.it\/wp-content\/uploads\/2019\/12\/Contatti.1-e1576661536686.jpg","datePublished":"2019-12-03T09:58:26+00:00","dateModified":"2019-12-20T09:41:28+00:00","breadcrumb":{"@id":"http:\/\/www.wmt.it\/index.php\/fr\/informations-legales\/#breadcrumb"},"inLanguage":"it-IT","potentialAction":[{"@type":"ReadAction","target":["http:\/\/www.wmt.it\/index.php\/fr\/informations-legales\/"]}]},{"@type":"ImageObject","inLanguage":"it-IT","@id":"http:\/\/www.wmt.it\/index.php\/fr\/informations-legales\/#primaryimage","url":"http:\/\/www.wmt.it\/wp-content\/uploads\/2019\/12\/Contatti.1-e1576661536686.jpg","contentUrl":"http:\/\/www.wmt.it\/wp-content\/uploads\/2019\/12\/Contatti.1-e1576661536686.jpg","width":2560,"height":800},{"@type":"BreadcrumbList","@id":"http:\/\/www.wmt.it\/index.php\/fr\/informations-legales\/#breadcrumb","itemListElement":[{"@type":"ListItem","position":1,"name":"Home","item":"http:\/\/www.wmt.it\/index.php\/en\/wmt-home\/"},{"@type":"ListItem","position":2,"name":"Informations l\u00e9gales"}]},{"@type":"WebSite","@id":"http:\/\/www.wmt.it\/#website","url":"http:\/\/www.wmt.it\/","name":"W.M.T. - Water and Mechanical Technology s.r.l.","description":"ENGINEERING AND FILTERING SYSTEM, PURE WITH PROFIT","publisher":{"@id":"http:\/\/www.wmt.it\/#organization"},"potentialAction":[{"@type":"SearchAction","target":{"@type":"EntryPoint","urlTemplate":"http:\/\/www.wmt.it\/?s={search_term_string}"},"query-input":{"@type":"PropertyValueSpecification","valueRequired":true,"valueName":"search_term_string"}}],"inLanguage":"it-IT"},{"@type":"Organization","@id":"http:\/\/www.wmt.it\/#organization","name":"W.M.T. - Water and Mechanical Technology s.r.l.","url":"http:\/\/www.wmt.it\/","logo":{"@type":"ImageObject","inLanguage":"it-IT","@id":"http:\/\/www.wmt.it\/#\/schema\/logo\/image\/","url":"http:\/\/www.wmt.it\/wp-content\/uploads\/2019\/12\/logo_wmt_blu_512x512.jpg","contentUrl":"http:\/\/www.wmt.it\/wp-content\/uploads\/2019\/12\/logo_wmt_blu_512x512.jpg","width":512,"height":512,"caption":"W.M.T. - Water and Mechanical Technology s.r.l."},"image":{"@id":"http:\/\/www.wmt.it\/#\/schema\/logo\/image\/"},"sameAs":["https:\/\/www.facebook.com\/pages\/WMT\/523330841079249?eid=ARBCva1bxbHrIwpLi2jUbikM5NzJrQOywcEqrkgUjYQ_m59R20SghP76Um2Ffw8jsoHFxRwr_28Y5a6v","https:\/\/www.google.com\/maps\/place\/W.M.T.+-+Water+and+Mechanical+Technology+s.r.l.\/@45.538948,9.1806583,17z\/data=!3m1!4b1!4m5!3m4!1s0x4786bf60c912a84b:0xfc12749d2f8ea14a!8m2!3d45.538948!4d9.182847","https:\/\/www.linkedin.com\/company\/2059941"]}]}},"_links":{"self":[{"href":"http:\/\/www.wmt.it\/index.php\/wp-json\/wp\/v2\/pages\/514","targetHints":{"allow":["GET"]}}],"collection":[{"href":"http:\/\/www.wmt.it\/index.php\/wp-json\/wp\/v2\/pages"}],"about":[{"href":"http:\/\/www.wmt.it\/index.php\/wp-json\/wp\/v2\/types\/page"}],"author":[{"embeddable":true,"href":"http:\/\/www.wmt.it\/index.php\/wp-json\/wp\/v2\/users\/1"}],"replies":[{"embeddable":true,"href":"http:\/\/www.wmt.it\/index.php\/wp-json\/wp\/v2\/comments?post=514"}],"version-history":[{"count":7,"href":"http:\/\/www.wmt.it\/index.php\/wp-json\/wp\/v2\/pages\/514\/revisions"}],"predecessor-version":[{"id":638,"href":"http:\/\/www.wmt.it\/index.php\/wp-json\/wp\/v2\/pages\/514\/revisions\/638"}],"wp:featuredmedia":[{"embeddable":true,"href":"http:\/\/www.wmt.it\/index.php\/wp-json\/wp\/v2\/media\/1728"}],"wp:attachment":[{"href":"http:\/\/www.wmt.it\/index.php\/wp-json\/wp\/v2\/media?parent=514"}],"curies":[{"name":"wp","href":"https:\/\/api.w.org\/{rel}","templated":true}]}}