{"id":542,"date":"2019-12-03T11:14:16","date_gmt":"2019-12-03T10:14:16","guid":{"rendered":"http:\/\/www2.wmt.it\/?page_id=542"},"modified":"2020-02-10T11:15:42","modified_gmt":"2020-02-10T10:15:42","slug":"liquid-vacuum-sandwich-panel-2","status":"publish","type":"page","link":"http:\/\/www.wmt.it\/index.php\/fr\/liquid-vacuum-sandwich-panel-2\/","title":{"rendered":"Liquid Vacuum Sandwich Panel"},"content":{"rendered":"\n<p><strong>Filtre \u00e0 vide liquide Liquid-Vacuum Sandwich Panel<\/strong><\/p>\n\n\n\n<p><\/p>\n\n\n\n<p>Filtre \u00e0 vide liquide avec panneau filtrant permanent en r\u00e9gime capillaire avec les caract\u00e9ristiques suivantes:<\/p>\n\n\n\n<ul class=\"wp-block-list\"><li>D\u00e9bit de 100 \u00e0 60 000 l \/ min.<\/li><li>Degr\u00e9 de filtrage selon classe 2 \u00f7 12 de notre tableau ST-1584.<\/li><li>Milieu filtrant permanent \u00e0 panneau fixe et permanent tridimensionnel (brevets n \u00b0 01254551 et 01273048).<\/li><li>Filtre adapt\u00e9 pour filtrer des \u00e9mulsions stables en diff\u00e9rents pourcentages ainsi que des huiles enti\u00e8res de viscosit\u00e9s diff\u00e9rentes.<\/li><\/ul>\n\n\n\n<p>Le syst\u00e8me LIQUID VACUUM SANDWICH PANEL, ci-apr\u00e8s LVSP, a \u00e9t\u00e9 cr\u00e9\u00e9 pour r\u00e9pondre aux exigences d&#8217;avoir des degr\u00e9s de filtrage constants, constants dans le temps, ainsi que la r\u00e9duction de l&#8217;impact environnemental. <\/p>\n\n\n\n<p>A travers l&#8217;\u00e9tude du comportement des syst\u00e8mes pr\u00e9c\u00e9demment install\u00e9s, nous avons mis en \u00e9vidence leurs points faibles tels que les ph\u00e9nom\u00e8nes de migration des puces, les co\u00fbts d&#8217;achat et de gestion des m\u00e9dias filtrants, l&#8217;impact environnemental li\u00e9 \u00e0 l&#8217;\u00e9limination des m\u00e9dias filtrants \u00e9puis\u00e9s.<\/p>\n\n\n\n<p>W.M.T. a donc tent\u00e9 d&#8217;appliquer le concept de filtration tridimensionnelle des filtres de pr\u00e9-rev\u00eatement aux syst\u00e8mes de vide liquide.<\/p>\n\n\n\n<p>Le r\u00e9sultat de cette recherche est les deux <strong>brevets 01254551<\/strong> et <strong>01273048 <\/strong>qui ont introduit un nouveau type de panneau filtrant tridimensionnel autonettoyant et r\u00e9g\u00e9n\u00e9rable avec r\u00e9trolavage de pression.<\/p>\n\n\n\n<p>Une attention particuli\u00e8re, lors de la conception du nouveau syst\u00e8me, a \u00e9t\u00e9 accord\u00e9e \u00e0 la n\u00e9cessit\u00e9 de cr\u00e9er un syst\u00e8me permettant la mise \u00e0 jour ou la mise \u00e0 niveau des syst\u00e8mes traditionnels par rapport au syst\u00e8me actuel, \u00e9largissant ainsi la possibilit\u00e9 d&#8217;obtenir des r\u00e9ductions des co\u00fbts de gestion, m\u00eame pour les propri\u00e9taires. de filtres \u00e0 vide \u00e0 l&#8217;ancienne.<\/p>\n\n\n\n<p> <br>L&#8217;ensemble du syst\u00e8me est g\u00e9r\u00e9 par PLC et est \u00e9quip\u00e9, pour la d\u00e9tection de tous les param\u00e8tres fonctionnels, d&#8217;un \u00e9quipement capable d&#8217;envoyer des signaux num\u00e9riques en 4 &#8211; 20 mA. Ceux-ci garantissent que, gr\u00e2ce \u00e0 un programme sp\u00e9cialement con\u00e7u, le syst\u00e8me est capable de fonctionner selon des conditions de fonctionnement variables en fonction de la charge de polluant, de copeaux et \/ ou d&#8217;huile hydraulique, qui est transport\u00e9e dans le r\u00e9servoir par les canaux de vidange. Gr\u00e2ce \u00e0 une logique enti\u00e8rement automatique et \u00e0 son param\u00e9trage, W.M.T. il a \u00e9galement d\u00e9velopp\u00e9 un syst\u00e8me d&#8217;administration \u00e0 distance RIAS\u00ae &#8211; Remote Installation Administrator System qui donne la possibilit\u00e9, si n\u00e9cessaire, d&#8217;agir \u00e0 distance sur les param\u00e8tres de base du syst\u00e8me. <\/p>\n\n\n\n<table style=\"width: 100%;\" cellspacing=\"0\" border=\"0\">\n<tbody>\n<tr><\/tr>\n<tr>\n<td style=\"width: 10%;\" align=\"center\"><\/td>\n<td style=\"width: 35%;\" align=\"center\"><div class=\"wp-block-button\"><a class=\"wp-block-button__link has-background has-vivid-cyan-blue-background-color\" href=\"http:\/\/www.wmt.it\/index.php\/en\/liquid-vacuum-sandwich-panel-images-gallery\/\" target=\"_blank\" rel=\"noopener noreferrer\">Galerie d\u2019images<\/a><\/div><\/td>\n<td style=\"width: 10%;\" align=\"center\"><\/td>\n<td style=\"width: 35%;\" align=\"center\"><div class=\"wp-block-button\"><a class=\"wp-block-button__link has-background has-vivid-cyan-blue-background-color\" href=\"http:\/\/www.wmt.it\/wp-content\/uploads\/2020\/01\/05-e-lvsp-rev-a.pdf\" target=\"_blank\" rel=\"noopener noreferrer\">Voir la brochure [EN]<\/a><\/div><\/td>\n<td style=\"width: 10%;\" align=\"center\"><\/td>\n<\/tr>\n<\/tbody>\n<\/table>\n","protected":false},"excerpt":{"rendered":"<p>Filtre \u00e0 vide liquide Liquid-Vacuum Sandwich Panel Filtre \u00e0 vide liquide avec panneau filtrant permanent en r\u00e9gime capillaire avec les caract\u00e9ristiques suivantes: D\u00e9bit de 100 \u00e0 60 000 l \/ min. Degr\u00e9 de filtrage selon classe 2 \u00f7 12 de notre tableau ST-1584. Milieu filtrant permanent \u00e0 panneau fixe et permanent tridimensionnel (brevets n \u00b0 [&hellip;]<\/p>\n","protected":false},"author":3,"featured_media":1821,"parent":0,"menu_order":0,"comment_status":"closed","ping_status":"closed","template":"","meta":{"ngg_post_thumbnail":0,"footnotes":""},"class_list":["post-542","page","type-page","status-publish","has-post-thumbnail","hentry"],"yoast_head":"<!-- This site is optimized with the Yoast SEO plugin v27.4 - https:\/\/yoast.com\/product\/yoast-seo-wordpress\/ -->\n<title>Liquid Vacuum Sandwich Panel &#8226; W.M.T. - Water and Mechanical Technology s.r.l.<\/title>\n<meta name=\"description\" content=\"Liquid Vacuum Sandwich Panel a \u00e9t\u00e9 cr\u00e9\u00e9 pour avoir des degr\u00e9s de filtrage pouss\u00e9s et constants ainsi que la r\u00e9duction de l&#039;impact environnemental.\" \/>\n<meta name=\"robots\" content=\"index, follow, max-snippet:-1, max-image-preview:large, max-video-preview:-1\" \/>\n<link rel=\"canonical\" href=\"http:\/\/www.wmt.it\/index.php\/fr\/liquid-vacuum-sandwich-panel-2\/\" \/>\n<meta property=\"og:locale\" content=\"it_IT\" \/>\n<meta property=\"og:type\" content=\"article\" \/>\n<meta property=\"og:title\" content=\"Liquid Vacuum Sandwich Panel &#8226; W.M.T. - Water and Mechanical Technology s.r.l.\" \/>\n<meta property=\"og:description\" content=\"Liquid Vacuum Sandwich Panel a \u00e9t\u00e9 cr\u00e9\u00e9 pour avoir des degr\u00e9s de filtrage pouss\u00e9s et constants ainsi que la r\u00e9duction de l&#039;impact environnemental.\" \/>\n<meta property=\"og:url\" content=\"http:\/\/www.wmt.it\/index.php\/fr\/liquid-vacuum-sandwich-panel-2\/\" \/>\n<meta property=\"og:site_name\" content=\"W.M.T. - Water and Mechanical Technology s.r.l.\" \/>\n<meta property=\"article:publisher\" content=\"https:\/\/www.facebook.com\/pages\/WMT\/523330841079249?eid=ARBCva1bxbHrIwpLi2jUbikM5NzJrQOywcEqrkgUjYQ_m59R20SghP76Um2Ffw8jsoHFxRwr_28Y5a6v\" \/>\n<meta property=\"article:modified_time\" content=\"2020-02-10T10:15:42+00:00\" \/>\n<meta property=\"og:image\" content=\"http:\/\/www.wmt.it\/wp-content\/uploads\/2019\/12\/pannello-ww-scaled-e1576836284101.jpg\" \/>\n\t<meta property=\"og:image:width\" content=\"1920\" \/>\n\t<meta property=\"og:image:height\" content=\"601\" \/>\n\t<meta property=\"og:image:type\" content=\"image\/jpeg\" \/>\n<meta name=\"twitter:card\" content=\"summary_large_image\" \/>\n<meta name=\"twitter:label1\" content=\"Tempo di lettura stimato\" \/>\n\t<meta name=\"twitter:data1\" content=\"2 minuti\" \/>\n<script type=\"application\/ld+json\" class=\"yoast-schema-graph\">{\"@context\":\"https:\\\/\\\/schema.org\",\"@graph\":[{\"@type\":\"WebPage\",\"@id\":\"http:\\\/\\\/www.wmt.it\\\/index.php\\\/fr\\\/liquid-vacuum-sandwich-panel-2\\\/\",\"url\":\"http:\\\/\\\/www.wmt.it\\\/index.php\\\/fr\\\/liquid-vacuum-sandwich-panel-2\\\/\",\"name\":\"Liquid Vacuum Sandwich Panel &#8226; W.M.T. - Water and Mechanical Technology s.r.l.\",\"isPartOf\":{\"@id\":\"http:\\\/\\\/www.wmt.it\\\/#website\"},\"primaryImageOfPage\":{\"@id\":\"http:\\\/\\\/www.wmt.it\\\/index.php\\\/fr\\\/liquid-vacuum-sandwich-panel-2\\\/#primaryimage\"},\"image\":{\"@id\":\"http:\\\/\\\/www.wmt.it\\\/index.php\\\/fr\\\/liquid-vacuum-sandwich-panel-2\\\/#primaryimage\"},\"thumbnailUrl\":\"http:\\\/\\\/www.wmt.it\\\/wp-content\\\/uploads\\\/2019\\\/12\\\/pannello-ww-scaled-e1576836284101.jpg\",\"datePublished\":\"2019-12-03T10:14:16+00:00\",\"dateModified\":\"2020-02-10T10:15:42+00:00\",\"description\":\"Liquid Vacuum Sandwich Panel a \u00e9t\u00e9 cr\u00e9\u00e9 pour avoir des degr\u00e9s de filtrage pouss\u00e9s et constants ainsi que la r\u00e9duction de l'impact environnemental.\",\"breadcrumb\":{\"@id\":\"http:\\\/\\\/www.wmt.it\\\/index.php\\\/fr\\\/liquid-vacuum-sandwich-panel-2\\\/#breadcrumb\"},\"inLanguage\":\"it-IT\",\"potentialAction\":[{\"@type\":\"ReadAction\",\"target\":[\"http:\\\/\\\/www.wmt.it\\\/index.php\\\/fr\\\/liquid-vacuum-sandwich-panel-2\\\/\"]}]},{\"@type\":\"ImageObject\",\"inLanguage\":\"it-IT\",\"@id\":\"http:\\\/\\\/www.wmt.it\\\/index.php\\\/fr\\\/liquid-vacuum-sandwich-panel-2\\\/#primaryimage\",\"url\":\"http:\\\/\\\/www.wmt.it\\\/wp-content\\\/uploads\\\/2019\\\/12\\\/pannello-ww-scaled-e1576836284101.jpg\",\"contentUrl\":\"http:\\\/\\\/www.wmt.it\\\/wp-content\\\/uploads\\\/2019\\\/12\\\/pannello-ww-scaled-e1576836284101.jpg\",\"width\":1920,\"height\":601},{\"@type\":\"BreadcrumbList\",\"@id\":\"http:\\\/\\\/www.wmt.it\\\/index.php\\\/fr\\\/liquid-vacuum-sandwich-panel-2\\\/#breadcrumb\",\"itemListElement\":[{\"@type\":\"ListItem\",\"position\":1,\"name\":\"Home\",\"item\":\"http:\\\/\\\/www.wmt.it\\\/index.php\\\/en\\\/wmt-home\\\/\"},{\"@type\":\"ListItem\",\"position\":2,\"name\":\"Liquid Vacuum Sandwich Panel\"}]},{\"@type\":\"WebSite\",\"@id\":\"http:\\\/\\\/www.wmt.it\\\/#website\",\"url\":\"http:\\\/\\\/www.wmt.it\\\/\",\"name\":\"W.M.T. - Water and Mechanical Technology s.r.l.\",\"description\":\"ENGINEERING AND FILTERING SYSTEM, PURE WITH PROFIT\",\"publisher\":{\"@id\":\"http:\\\/\\\/www.wmt.it\\\/#organization\"},\"potentialAction\":[{\"@type\":\"SearchAction\",\"target\":{\"@type\":\"EntryPoint\",\"urlTemplate\":\"http:\\\/\\\/www.wmt.it\\\/?s={search_term_string}\"},\"query-input\":{\"@type\":\"PropertyValueSpecification\",\"valueRequired\":true,\"valueName\":\"search_term_string\"}}],\"inLanguage\":\"it-IT\"},{\"@type\":\"Organization\",\"@id\":\"http:\\\/\\\/www.wmt.it\\\/#organization\",\"name\":\"W.M.T. - Water and Mechanical Technology s.r.l.\",\"url\":\"http:\\\/\\\/www.wmt.it\\\/\",\"logo\":{\"@type\":\"ImageObject\",\"inLanguage\":\"it-IT\",\"@id\":\"http:\\\/\\\/www.wmt.it\\\/#\\\/schema\\\/logo\\\/image\\\/\",\"url\":\"http:\\\/\\\/www.wmt.it\\\/wp-content\\\/uploads\\\/2019\\\/12\\\/logo_wmt_blu_512x512.jpg\",\"contentUrl\":\"http:\\\/\\\/www.wmt.it\\\/wp-content\\\/uploads\\\/2019\\\/12\\\/logo_wmt_blu_512x512.jpg\",\"width\":512,\"height\":512,\"caption\":\"W.M.T. - Water and Mechanical Technology s.r.l.\"},\"image\":{\"@id\":\"http:\\\/\\\/www.wmt.it\\\/#\\\/schema\\\/logo\\\/image\\\/\"},\"sameAs\":[\"https:\\\/\\\/www.facebook.com\\\/pages\\\/WMT\\\/523330841079249?eid=ARBCva1bxbHrIwpLi2jUbikM5NzJrQOywcEqrkgUjYQ_m59R20SghP76Um2Ffw8jsoHFxRwr_28Y5a6v\",\"https:\\\/\\\/www.google.com\\\/maps\\\/place\\\/W.M.T.+-+Water+and+Mechanical+Technology+s.r.l.\\\/@45.538948,9.1806583,17z\\\/data=!3m1!4b1!4m5!3m4!1s0x4786bf60c912a84b:0xfc12749d2f8ea14a!8m2!3d45.538948!4d9.182847\",\"https:\\\/\\\/www.linkedin.com\\\/company\\\/2059941\"]}]}<\/script>\n<!-- \/ Yoast SEO plugin. -->","yoast_head_json":{"title":"Liquid Vacuum Sandwich Panel &#8226; W.M.T. - Water and Mechanical Technology s.r.l.","description":"Liquid Vacuum Sandwich Panel a \u00e9t\u00e9 cr\u00e9\u00e9 pour avoir des degr\u00e9s de filtrage pouss\u00e9s et constants ainsi que la r\u00e9duction de l'impact environnemental.","robots":{"index":"index","follow":"follow","max-snippet":"max-snippet:-1","max-image-preview":"max-image-preview:large","max-video-preview":"max-video-preview:-1"},"canonical":"http:\/\/www.wmt.it\/index.php\/fr\/liquid-vacuum-sandwich-panel-2\/","og_locale":"it_IT","og_type":"article","og_title":"Liquid Vacuum Sandwich Panel &#8226; W.M.T. - Water and Mechanical Technology s.r.l.","og_description":"Liquid Vacuum Sandwich Panel a \u00e9t\u00e9 cr\u00e9\u00e9 pour avoir des degr\u00e9s de filtrage pouss\u00e9s et constants ainsi que la r\u00e9duction de l'impact environnemental.","og_url":"http:\/\/www.wmt.it\/index.php\/fr\/liquid-vacuum-sandwich-panel-2\/","og_site_name":"W.M.T. - Water and Mechanical Technology s.r.l.","article_publisher":"https:\/\/www.facebook.com\/pages\/WMT\/523330841079249?eid=ARBCva1bxbHrIwpLi2jUbikM5NzJrQOywcEqrkgUjYQ_m59R20SghP76Um2Ffw8jsoHFxRwr_28Y5a6v","article_modified_time":"2020-02-10T10:15:42+00:00","og_image":[{"width":1920,"height":601,"url":"http:\/\/www.wmt.it\/wp-content\/uploads\/2019\/12\/pannello-ww-scaled-e1576836284101.jpg","type":"image\/jpeg"}],"twitter_card":"summary_large_image","twitter_misc":{"Tempo di lettura stimato":"2 minuti"},"schema":{"@context":"https:\/\/schema.org","@graph":[{"@type":"WebPage","@id":"http:\/\/www.wmt.it\/index.php\/fr\/liquid-vacuum-sandwich-panel-2\/","url":"http:\/\/www.wmt.it\/index.php\/fr\/liquid-vacuum-sandwich-panel-2\/","name":"Liquid Vacuum Sandwich Panel &#8226; W.M.T. - Water and Mechanical Technology s.r.l.","isPartOf":{"@id":"http:\/\/www.wmt.it\/#website"},"primaryImageOfPage":{"@id":"http:\/\/www.wmt.it\/index.php\/fr\/liquid-vacuum-sandwich-panel-2\/#primaryimage"},"image":{"@id":"http:\/\/www.wmt.it\/index.php\/fr\/liquid-vacuum-sandwich-panel-2\/#primaryimage"},"thumbnailUrl":"http:\/\/www.wmt.it\/wp-content\/uploads\/2019\/12\/pannello-ww-scaled-e1576836284101.jpg","datePublished":"2019-12-03T10:14:16+00:00","dateModified":"2020-02-10T10:15:42+00:00","description":"Liquid Vacuum Sandwich Panel a \u00e9t\u00e9 cr\u00e9\u00e9 pour avoir des degr\u00e9s de filtrage pouss\u00e9s et constants ainsi que la r\u00e9duction de l'impact environnemental.","breadcrumb":{"@id":"http:\/\/www.wmt.it\/index.php\/fr\/liquid-vacuum-sandwich-panel-2\/#breadcrumb"},"inLanguage":"it-IT","potentialAction":[{"@type":"ReadAction","target":["http:\/\/www.wmt.it\/index.php\/fr\/liquid-vacuum-sandwich-panel-2\/"]}]},{"@type":"ImageObject","inLanguage":"it-IT","@id":"http:\/\/www.wmt.it\/index.php\/fr\/liquid-vacuum-sandwich-panel-2\/#primaryimage","url":"http:\/\/www.wmt.it\/wp-content\/uploads\/2019\/12\/pannello-ww-scaled-e1576836284101.jpg","contentUrl":"http:\/\/www.wmt.it\/wp-content\/uploads\/2019\/12\/pannello-ww-scaled-e1576836284101.jpg","width":1920,"height":601},{"@type":"BreadcrumbList","@id":"http:\/\/www.wmt.it\/index.php\/fr\/liquid-vacuum-sandwich-panel-2\/#breadcrumb","itemListElement":[{"@type":"ListItem","position":1,"name":"Home","item":"http:\/\/www.wmt.it\/index.php\/en\/wmt-home\/"},{"@type":"ListItem","position":2,"name":"Liquid Vacuum Sandwich Panel"}]},{"@type":"WebSite","@id":"http:\/\/www.wmt.it\/#website","url":"http:\/\/www.wmt.it\/","name":"W.M.T. - Water and Mechanical Technology s.r.l.","description":"ENGINEERING AND FILTERING SYSTEM, PURE WITH PROFIT","publisher":{"@id":"http:\/\/www.wmt.it\/#organization"},"potentialAction":[{"@type":"SearchAction","target":{"@type":"EntryPoint","urlTemplate":"http:\/\/www.wmt.it\/?s={search_term_string}"},"query-input":{"@type":"PropertyValueSpecification","valueRequired":true,"valueName":"search_term_string"}}],"inLanguage":"it-IT"},{"@type":"Organization","@id":"http:\/\/www.wmt.it\/#organization","name":"W.M.T. - Water and Mechanical Technology s.r.l.","url":"http:\/\/www.wmt.it\/","logo":{"@type":"ImageObject","inLanguage":"it-IT","@id":"http:\/\/www.wmt.it\/#\/schema\/logo\/image\/","url":"http:\/\/www.wmt.it\/wp-content\/uploads\/2019\/12\/logo_wmt_blu_512x512.jpg","contentUrl":"http:\/\/www.wmt.it\/wp-content\/uploads\/2019\/12\/logo_wmt_blu_512x512.jpg","width":512,"height":512,"caption":"W.M.T. - Water and Mechanical Technology s.r.l."},"image":{"@id":"http:\/\/www.wmt.it\/#\/schema\/logo\/image\/"},"sameAs":["https:\/\/www.facebook.com\/pages\/WMT\/523330841079249?eid=ARBCva1bxbHrIwpLi2jUbikM5NzJrQOywcEqrkgUjYQ_m59R20SghP76Um2Ffw8jsoHFxRwr_28Y5a6v","https:\/\/www.google.com\/maps\/place\/W.M.T.+-+Water+and+Mechanical+Technology+s.r.l.\/@45.538948,9.1806583,17z\/data=!3m1!4b1!4m5!3m4!1s0x4786bf60c912a84b:0xfc12749d2f8ea14a!8m2!3d45.538948!4d9.182847","https:\/\/www.linkedin.com\/company\/2059941"]}]}},"_links":{"self":[{"href":"http:\/\/www.wmt.it\/index.php\/wp-json\/wp\/v2\/pages\/542","targetHints":{"allow":["GET"]}}],"collection":[{"href":"http:\/\/www.wmt.it\/index.php\/wp-json\/wp\/v2\/pages"}],"about":[{"href":"http:\/\/www.wmt.it\/index.php\/wp-json\/wp\/v2\/types\/page"}],"author":[{"embeddable":true,"href":"http:\/\/www.wmt.it\/index.php\/wp-json\/wp\/v2\/users\/3"}],"replies":[{"embeddable":true,"href":"http:\/\/www.wmt.it\/index.php\/wp-json\/wp\/v2\/comments?post=542"}],"version-history":[{"count":8,"href":"http:\/\/www.wmt.it\/index.php\/wp-json\/wp\/v2\/pages\/542\/revisions"}],"predecessor-version":[{"id":2832,"href":"http:\/\/www.wmt.it\/index.php\/wp-json\/wp\/v2\/pages\/542\/revisions\/2832"}],"wp:featuredmedia":[{"embeddable":true,"href":"http:\/\/www.wmt.it\/index.php\/wp-json\/wp\/v2\/media\/1821"}],"wp:attachment":[{"href":"http:\/\/www.wmt.it\/index.php\/wp-json\/wp\/v2\/media?parent=542"}],"curies":[{"name":"wp","href":"https:\/\/api.w.org\/{rel}","templated":true}]}}